Last updated on 2024-04-27 21:20:14 CEST.
Flavor | Version | Tinstall | Tcheck | Ttotal | Status | Flags |
---|---|---|---|---|---|---|
r-devel-linux-x86_64-debian-clang | 1.1.5 | 250.15 | 167.18 | 417.33 | OK | |
r-devel-linux-x86_64-debian-gcc | 1.1.5 | 197.85 | 130.22 | 328.07 | OK | |
r-devel-linux-x86_64-fedora-clang | 1.1.5 | 501.33 | NOTE | |||
r-devel-linux-x86_64-fedora-gcc | 1.1.5 | 325.54 | NOTE | |||
r-devel-windows-x86_64 | 1.1.5 | 171.00 | 170.00 | 341.00 | OK | |
r-patched-linux-x86_64 | 1.1.5 | 167.14 | 170.79 | 337.93 | OK | |
r-release-linux-x86_64 | 1.1.5 | 187.84 | 174.88 | 362.72 | OK | |
r-release-macos-arm64 | 1.1.5 | 133.00 | NOTE | |||
r-release-windows-x86_64 | 1.1.5 | 174.00 | 165.00 | 339.00 | OK | |
r-oldrel-macos-arm64 | 1.1.5 | 125.00 | NOTE | |||
r-oldrel-macos-x86_64 | 1.1.5 | 230.00 | NOTE | |||
r-oldrel-windows-x86_64 | 1.1.5 | 230.00 | 197.00 | 427.00 | OK |
Version: 1.1.5
Check: for GNU extensions in Makefiles
Result: NOTE
GNU make is a SystemRequirements.
Flavors: r-devel-linux-x86_64-fedora-clang, r-devel-linux-x86_64-fedora-gcc, r-release-macos-arm64, r-oldrel-macos-arm64, r-oldrel-macos-x86_64
Version: 1.1.5
Check: installed package size
Result: NOTE
installed size is 62.8Mb
sub-directories of 1Mb or more:
libs 62.2Mb
Flavors: r-release-macos-arm64, r-oldrel-macos-arm64, r-oldrel-macos-x86_64