Last updated on 2025-05-06 20:50:35 CEST.
Flavor | Version | Tinstall | Tcheck | Ttotal | Status | Flags |
---|---|---|---|---|---|---|
r-devel-linux-x86_64-debian-clang | 5.0.7 | 10.92 | 84.36 | 95.28 | NOTE | |
r-devel-linux-x86_64-debian-gcc | 5.0.7 | 8.28 | 60.84 | 69.12 | NOTE | |
r-devel-linux-x86_64-fedora-clang | 5.0.7 | 159.17 | OK | |||
r-devel-linux-x86_64-fedora-gcc | 5.0.7 | 155.66 | OK | |||
r-devel-windows-x86_64 | 5.0.7 | 13.00 | 91.00 | 104.00 | OK | |
r-patched-linux-x86_64 | 5.0.7 | 11.15 | 80.34 | 91.49 | OK | |
r-release-linux-x86_64 | 5.0.7 | 9.81 | 80.34 | 90.15 | OK | |
r-release-macos-arm64 | 5.0.7 | 48.00 | OK | |||
r-release-macos-x86_64 | 5.0.7 | 109.00 | OK | |||
r-release-windows-x86_64 | 5.0.7 | 13.00 | 93.00 | 106.00 | OK | |
r-oldrel-macos-arm64 | 5.0.7 | 44.00 | OK | |||
r-oldrel-macos-x86_64 | 5.0.7 | 76.00 | OK | |||
r-oldrel-windows-x86_64 | 5.0.7 | 16.00 | 112.00 | 128.00 | OK |
Version: 5.0.7
Check: CRAN incoming feasibility
Result: NOTE
Maintainer: ‘Alberto Caimo <alberto.caimo1@ucd.ie>’
No Authors@R field in DESCRIPTION.
Please add one, modifying
Authors@R: c(person(given = "Alberto",
family = "Caimo",
role = c("aut", "cre"),
email = "alberto.caimo1@ucd.ie"),
person(given = "Lampros",
family = "Bouranis",
role = "aut"),
person(given = "Robert",
family = "Krause",
role = "ctb"))
as necessary.
Flavors: r-devel-linux-x86_64-debian-clang, r-devel-linux-x86_64-debian-gcc