CRAN Package Check Results for Package Benchmarking

Last updated on 2022-09-28 21:51:32 CEST.

Flavor Version Tinstall Tcheck Ttotal Status Flags
r-devel-linux-x86_64-debian-clang 0.30 40.85 70.83 111.68 OK
r-devel-linux-x86_64-debian-gcc 0.30 28.48 53.10 81.58 OK
r-devel-linux-x86_64-fedora-clang 0.30 167.57 WARN
r-devel-linux-x86_64-fedora-gcc 0.30 152.66 OK
r-devel-windows-x86_64 0.30 56.00 119.00 175.00 OK
r-patched-linux-x86_64 0.30 35.11 67.47 102.58 OK
r-release-linux-x86_64 0.30 33.73 66.16 99.89 OK
r-release-macos-arm64 0.30 46.00 OK
r-release-macos-x86_64 0.30 59.00 OK
r-release-windows-x86_64 0.30 68.00 126.00 194.00 OK
r-oldrel-macos-arm64 0.30 39.00 OK
r-oldrel-macos-x86_64 0.30 55.00 OK
r-oldrel-windows-ix86+x86_64 0.30 82.00 123.00 205.00 OK

Additional issues

clang15 clang15

Check Details

Version: 0.30
Check: whether package can be installed
Result: WARN
    Found the following significant warnings:
     chol_down.cpp:21:20: warning: invalid UTF-8 in comment [-Winvalid-utf8]
     chol_down.cpp:22:5: warning: invalid UTF-8 in comment [-Winvalid-utf8]
     chol_down.cpp:23:32: warning: invalid UTF-8 in comment [-Winvalid-utf8]
     chol_down.cpp:49:49: warning: invalid UTF-8 in comment [-Winvalid-utf8]
     chol_down.cpp:51:17: warning: invalid UTF-8 in comment [-Winvalid-utf8]
     chol_down.cpp:51:57: warning: invalid UTF-8 in comment [-Winvalid-utf8]
     chol_down.cpp:101:7: warning: invalid UTF-8 in comment [-Winvalid-utf8]
     chol_down.cpp:101:25: warning: invalid UTF-8 in comment [-Winvalid-utf8]
     chol_down.cpp:205:5: warning: invalid UTF-8 in comment [-Winvalid-utf8]
     outlier.cpp:59:30: warning: invalid UTF-8 in comment [-Winvalid-utf8]
Flavor: r-devel-linux-x86_64-fedora-clang