Last updated on 2023-06-06 21:00:48 CEST.
Flavor | Version | Tinstall | Tcheck | Ttotal | Status | Flags |
---|---|---|---|---|---|---|
r-devel-linux-x86_64-debian-clang | 1.1.2 | 282.68 | 394.25 | 676.93 | NOTE | |
r-devel-linux-x86_64-debian-gcc | 1.1.2 | 242.36 | 337.23 | 579.59 | NOTE | |
r-devel-linux-x86_64-fedora-clang | 1.1.2 | 672.80 | NOTE | |||
r-devel-linux-x86_64-fedora-gcc | 1.1.2 | 992.14 | NOTE | |||
r-devel-windows-x86_64 | 1.1.2 | 208.00 | 362.00 | 570.00 | NOTE | |
r-patched-linux-x86_64 | 1.1.2 | 198.21 | 390.89 | 589.10 | NOTE | |
r-release-linux-x86_64 | 1.1.2 | 192.65 | 406.57 | 599.22 | NOTE | |
r-release-macos-arm64 | 1.1.2 | 266.00 | NOTE | |||
r-release-macos-x86_64 | 1.0.0 | 264.00 | NOTE | |||
r-release-windows-x86_64 | 1.1.2 | 277.00 | 419.00 | 696.00 | NOTE | |
r-oldrel-macos-arm64 | 1.1.2 | 247.00 | NOTE | |||
r-oldrel-macos-x86_64 | 1.1.2 | 308.00 | NOTE | |||
r-oldrel-windows-x86_64 | 1.1.2 | 257.00 | 469.00 | 726.00 | NOTE |
Version: 1.1.2
Check: for GNU extensions in Makefiles
Result: NOTE
GNU make is a SystemRequirements.
Flavors: r-devel-linux-x86_64-debian-clang, r-devel-linux-x86_64-debian-gcc, r-devel-linux-x86_64-fedora-clang, r-devel-linux-x86_64-fedora-gcc, r-devel-windows-x86_64, r-patched-linux-x86_64, r-release-linux-x86_64, r-release-macos-arm64, r-release-windows-x86_64, r-oldrel-macos-arm64, r-oldrel-macos-x86_64, r-oldrel-windows-x86_64
Version: 1.1.2
Check: installed package size
Result: NOTE
installed size is 5.5Mb
sub-directories of 1Mb or more:
data 1.7Mb
libs 3.1Mb
Flavors: r-devel-linux-x86_64-fedora-clang, r-devel-windows-x86_64, r-release-macos-arm64, r-release-windows-x86_64, r-oldrel-macos-arm64, r-oldrel-macos-x86_64, r-oldrel-windows-x86_64
Version: 1.0.0
Check: installed package size
Result: NOTE
installed size is 48.2Mb
sub-directories of 1Mb or more:
data 5.1Mb
libs 42.6Mb
Flavor: r-release-macos-x86_64
Version: 1.0.0
Check: for GNU extensions in Makefiles
Result: NOTE
GNU make is a SystemRequirements.
Flavor: r-release-macos-x86_64