CRAN Package Check Results for Package BayesTwin

Last updated on 2025-11-23 20:48:41 CET.

Flavor Version Tinstall Tcheck Ttotal Status Flags
r-devel-linux-x86_64-debian-clang 1.0 5.91 37.54 43.45 NOTE
r-devel-linux-x86_64-debian-gcc 1.0 3.87 28.28 32.15 NOTE
r-devel-linux-x86_64-fedora-clang 1.0 15.00 55.30 70.30 OK
r-devel-windows-x86_64 1.0 7.00 59.00 66.00 OK
r-patched-linux-x86_64 1.0 4.57 35.80 40.37 OK
r-release-linux-x86_64 1.0 5.88 35.60 41.48 OK
r-release-macos-arm64 1.0 OK
r-release-macos-x86_64 1.0 6.00 38.00 44.00 OK
r-release-windows-x86_64 1.0 8.00 62.00 70.00 OK
r-oldrel-macos-arm64 1.0 OK
r-oldrel-macos-x86_64 1.0 4.00 28.00 32.00 OK
r-oldrel-windows-x86_64 1.0 7.00 61.00 68.00 OK

Check Details

Version: 1.0
Check: CRAN incoming feasibility
Result: NOTE Maintainer: ‘Inga Schwabe <bayestwin@gmail.com>’ No Authors@R field in DESCRIPTION. Please add one, modifying Authors@R: person(given = "Inga", family = "Schwabe", role = c("aut", "cre"), email = "bayestwin@gmail.com") as necessary. The BugReports field in DESCRIPTION has https://github.com/ingaschwabe/BayesTwin which should likely be https://github.com/ingaschwabe/BayesTwin/issues instead. Flavors: r-devel-linux-x86_64-debian-clang, r-devel-linux-x86_64-debian-gcc