CRAN Package Check Results for Package BayesTreePrior

Last updated on 2022-12-08 20:49:09 CET.

Flavor Version Tinstall Tcheck Ttotal Status Flags
r-devel-linux-x86_64-debian-clang 1.0.1 2.49 42.69 45.18 OK
r-devel-linux-x86_64-debian-gcc 1.0.1 1.82 33.05 34.87 OK
r-devel-linux-x86_64-fedora-clang 1.0.1 69.00 OK
r-devel-linux-x86_64-fedora-gcc 1.0.1 63.26 OK
r-devel-windows-x86_64 1.0.1 25.00 72.00 97.00 OK
r-patched-linux-x86_64 1.0.1 1.99 38.48 40.47 OK
r-release-linux-x86_64 1.0.1 2.48 39.24 41.72 OK
r-release-macos-arm64 1.0.1 18.00 OK
r-release-macos-x86_64 1.0.1 28.00 NOTE
r-release-windows-x86_64 1.0.1 29.00 66.00 95.00 OK
r-oldrel-macos-arm64 1.0.1 23.00 OK
r-oldrel-macos-x86_64 1.0.1 88.00 OK
r-oldrel-windows-ix86+x86_64 1.0.1 5.00 62.00 67.00 OK

Check Details

Version: 1.0.1
Check: package dependencies
Result: NOTE
    Package suggested but not available for checking: ‘BayesTree’
Flavor: r-release-macos-x86_64