Last updated on 2025-10-21 21:01:01 CEST.
Flavor | Version | Tinstall | Tcheck | Ttotal | Status | Flags |
---|---|---|---|---|---|---|
r-devel-linux-x86_64-debian-clang | 2.3-0 | 154.75 | 93.45 | 248.20 | NOTE | |
r-devel-linux-x86_64-debian-gcc | 2.3-0 | 109.43 | 69.23 | 178.66 | NOTE | |
r-devel-linux-x86_64-fedora-clang | 2.3-0 | 185.00 | 236.52 | 421.52 | OK | |
r-devel-linux-x86_64-fedora-gcc | 2.3-0 | 350.00 | 124.50 | 474.50 | OK | |
r-devel-windows-x86_64 | 2.3-0 | 166.00 | 125.00 | 291.00 | OK | |
r-patched-linux-x86_64 | 2.3-0 | 157.82 | 87.38 | 245.20 | OK | |
r-release-linux-x86_64 | 2.3-0 | 161.07 | 86.97 | 248.04 | OK | |
r-release-macos-arm64 | 2.3-0 | 59.00 | 48.00 | 107.00 | OK | |
r-release-macos-x86_64 | 2.3-0 | 64.00 | 103.00 | 167.00 | OK | |
r-release-windows-x86_64 | 2.3-0 | 169.00 | 132.00 | 301.00 | OK | |
r-oldrel-macos-arm64 | 2.3-0 | 55.00 | 52.00 | 107.00 | NOTE | |
r-oldrel-macos-x86_64 | 2.3-0 | 70.00 | 90.00 | 160.00 | NOTE | |
r-oldrel-windows-x86_64 | 2.3-0 | 201.00 | 162.00 | 363.00 | NOTE |
Version: 2.3-0
Check: HTML version of manual
Result: NOTE
Found the following HTML validation problems:
BayesSUR_internal.html:54:1 (BayesSUR_internal.Rd:15): Warning: missing </ul> before </div>
Flavors: r-devel-linux-x86_64-debian-clang, r-devel-linux-x86_64-debian-gcc
Version: 2.3-0
Check: installed package size
Result: NOTE
installed size is 18.6Mb
sub-directories of 1Mb or more:
data 1.5Mb
doc 1.5Mb
libs 14.7Mb
Flavors: r-oldrel-macos-arm64, r-oldrel-macos-x86_64, r-oldrel-windows-x86_64