Last updated on 2023-01-26 19:49:21 CET.
Flavor | Version | Tinstall | Tcheck | Ttotal | Status | Flags |
---|---|---|---|---|---|---|
r-devel-linux-x86_64-debian-clang | 1.1.0 | 128.06 | 318.22 | 446.28 | OK | |
r-devel-linux-x86_64-debian-gcc | 1.1.0 | 108.23 | 202.01 | 310.24 | OK | |
r-devel-linux-x86_64-fedora-clang | 1.1.0 | 582.70 | OK | |||
r-devel-linux-x86_64-fedora-gcc | 1.1.0 | 582.30 | NOTE | |||
r-devel-windows-x86_64 | 1.1.0 | 180.00 | 579.00 | 759.00 | OK | |
r-patched-linux-x86_64 | 1.1.0 | 114.85 | 306.98 | 421.83 | OK | |
r-release-linux-x86_64 | 1.1.0 | 119.55 | 309.06 | 428.61 | OK | |
r-release-macos-arm64 | 1.1.0 | 149.00 | NOTE | |||
r-release-macos-x86_64 | 1.1.0 | 184.00 | NOTE | |||
r-release-windows-x86_64 | 1.1.0 | 93.00 | 580.00 | 673.00 | OK | |
r-oldrel-macos-arm64 | 1.1.0 | 147.00 | NOTE | |||
r-oldrel-macos-x86_64 | 1.1.0 | 187.00 | NOTE | |||
r-oldrel-windows-ix86+x86_64 | 1.1.0 | 289.00 | 1108.00 | 1397.00 | OK |
Version: 1.1.0
Check: C++ specification
Result: NOTE
Specified C++11: please update to current default of C++17
Flavor: r-devel-linux-x86_64-fedora-gcc
Version: 1.1.0
Check: installed package size
Result: NOTE
installed size is 13.8Mb
sub-directories of 1Mb or more:
libs 13.4Mb
Flavors: r-release-macos-arm64, r-release-macos-x86_64, r-oldrel-macos-arm64, r-oldrel-macos-x86_64