Last updated on 2025-07-12 20:50:23 CEST.
Flavor | Version | Tinstall | Tcheck | Ttotal | Status | Flags |
---|---|---|---|---|---|---|
r-devel-linux-x86_64-debian-clang | 0.2.4 | 14.13 | 134.03 | 148.16 | NOTE | |
r-devel-linux-x86_64-debian-gcc | 1.0.0 | 8.80 | 84.64 | 93.44 | OK | |
r-devel-linux-x86_64-fedora-clang | 1.0.0 | 240.19 | OK | |||
r-devel-linux-x86_64-fedora-gcc | 1.0.0 | 231.13 | OK | |||
r-devel-windows-x86_64 | 0.2.4 | 15.00 | 144.00 | 159.00 | OK | |
r-patched-linux-x86_64 | 0.2.4 | 14.16 | 127.73 | 141.89 | OK | |
r-release-linux-x86_64 | 1.0.0 | 10.65 | 128.71 | 139.36 | OK | |
r-release-macos-arm64 | 0.2.4 | 59.00 | OK | |||
r-release-macos-x86_64 | 0.2.4 | 193.00 | OK | |||
r-release-windows-x86_64 | 1.0.0 | 15.00 | 162.00 | 177.00 | OK | |
r-oldrel-macos-arm64 | 0.2.4 | 53.00 | OK | |||
r-oldrel-macos-x86_64 | 0.2.4 | 119.00 | OK | |||
r-oldrel-windows-x86_64 | 0.2.4 | 22.00 | 188.00 | 210.00 | OK |
Version: 0.2.4
Check: CRAN incoming feasibility
Result: NOTE
Maintainer: ‘Luiz Fernando Figueiredo <labmapackage@gmail.com>’
No Authors@R field in DESCRIPTION.
Please add one, modifying
Authors@R: c(person(given = c("Laboratorio", "de", "Matematica"),
family = "Aplicada",
role = "aut",
comment = "IM/UFRJ"),
person(given = c("Luiz", "Fernando"),
family = "Figueiredo",
role = "cre",
email = "labmapackage@gmail.com"))
as necessary.
Flavor: r-devel-linux-x86_64-debian-clang