Last updated on 2024-04-24 20:53:59 CEST.
Flavor | Version | Tinstall | Tcheck | Ttotal | Status | Flags |
---|---|---|---|---|---|---|
r-devel-linux-x86_64-debian-clang | 0.1.0 | 43.51 | 93.48 | 136.99 | OK | |
r-devel-linux-x86_64-debian-gcc | 0.1.0 | 31.70 | 68.76 | 100.46 | OK | |
r-devel-linux-x86_64-fedora-clang | 0.1.0 | 172.80 | NOTE | |||
r-devel-linux-x86_64-fedora-gcc | 0.1.0 | 167.84 | NOTE | |||
r-devel-windows-x86_64 | 0.1.0 | 34.00 | 111.00 | 145.00 | OK | |
r-patched-linux-x86_64 | 0.1.0 | 39.74 | 85.78 | 125.52 | OK | |
r-release-linux-x86_64 | 0.1.0 | 40.66 | 89.27 | 129.93 | OK | |
r-release-macos-arm64 | 0.1.0 | 51.00 | OK | |||
r-release-windows-x86_64 | 0.1.0 | 34.00 | 108.00 | 142.00 | OK | |
r-oldrel-macos-arm64 | 0.1.0 | 64.00 | NOTE | |||
r-oldrel-macos-x86_64 | 0.1.0 | 85.00 | OK | |||
r-oldrel-windows-x86_64 | 0.1.0 | 41.00 | 126.00 | 167.00 | OK |
Version: 0.1.0
Check: dependencies in R code
Result: NOTE
Namespace in Imports field not imported from: ‘FastGP’
All declared Imports should be used.
Flavors: r-devel-linux-x86_64-fedora-clang, r-devel-linux-x86_64-fedora-gcc, r-oldrel-macos-arm64