Last updated on 2024-03-28 19:48:25 CET.
Flavor | Version | Tinstall | Tcheck | Ttotal | Status | Flags |
---|---|---|---|---|---|---|
r-devel-linux-x86_64-debian-clang | 0.2.10 | 59.38 | 120.46 | 179.84 | OK | |
r-devel-linux-x86_64-debian-gcc | 0.2.10 | 53.49 | 89.13 | 142.62 | OK | |
r-devel-linux-x86_64-fedora-clang | 0.2.10 | 227.98 | OK | |||
r-devel-linux-x86_64-fedora-gcc | 0.2.10 | 263.29 | OK | |||
r-devel-windows-x86_64 | 0.2.10 | 44.00 | 130.00 | 174.00 | OK | |
r-patched-linux-x86_64 | 0.2.10 | 54.62 | 122.15 | 176.77 | OK | |
r-release-linux-x86_64 | 0.2.10 | 42.77 | 147.63 | 190.40 | OK | |
r-release-macos-arm64 | 0.2.10 | 74.00 | NOTE | |||
r-release-macos-x86_64 | 0.2.10 | 161.00 | NOTE | |||
r-release-windows-x86_64 | 0.2.10 | 56.00 | 165.00 | 221.00 | OK | |
r-oldrel-macos-arm64 | 0.2.10 | 70.00 | NOTE | |||
r-oldrel-windows-x86_64 | 0.2.10 | 54.00 | 156.00 | 210.00 | OK |
Version: 0.2.10
Check: installed package size
Result: NOTE
installed size is 10.4Mb
sub-directories of 1Mb or more:
libs 10.1Mb
Flavors: r-release-macos-arm64, r-release-macos-x86_64, r-oldrel-macos-arm64