Last updated on 2024-08-15 20:48:11 CEST.
Flavor | Version | Tinstall | Tcheck | Ttotal | Status | Flags |
---|---|---|---|---|---|---|
r-devel-linux-x86_64-debian-clang | 0.9.12-4.7 | 184.35 | 374.22 | 558.57 | OK | |
r-devel-linux-x86_64-debian-gcc | 0.9.12-4.7 | 133.28 | 259.51 | 392.79 | OK | |
r-devel-linux-x86_64-fedora-clang | 0.9.12-4.7 | 960.31 | NOTE | |||
r-devel-linux-x86_64-fedora-gcc | 0.9.12-4.7 | 997.25 | OK | |||
r-devel-windows-x86_64 | 0.9.12-4.7 | 191.00 | 278.00 | 469.00 | NOTE | |
r-patched-linux-x86_64 | 0.9.12-4.7 | 183.78 | 359.02 | 542.80 | OK | |
r-release-linux-x86_64 | 0.9.12-4.7 | 190.42 | 358.90 | 549.32 | OK | |
r-release-macos-arm64 | 0.9.12-4.7 | 186.00 | NOTE | |||
r-release-macos-x86_64 | 0.9.12-4.7 | 237.00 | NOTE | |||
r-release-windows-x86_64 | 0.9.12-4.7 | 194.00 | 276.00 | 470.00 | NOTE | |
r-oldrel-macos-arm64 | 0.9.12-4.7 | 190.00 | NOTE | |||
r-oldrel-macos-x86_64 | 0.9.12-4.7 | 399.00 | NOTE | |||
r-oldrel-windows-x86_64 | 0.9.12-4.7 | 223.00 | 349.00 | 572.00 | NOTE |
Version: 0.9.12-4.7
Check: installed package size
Result: NOTE
installed size is 12.6Mb
sub-directories of 1Mb or more:
doc 10.9Mb
Flavors: r-devel-linux-x86_64-fedora-clang, r-devel-windows-x86_64, r-release-macos-arm64, r-release-macos-x86_64, r-release-windows-x86_64, r-oldrel-macos-arm64, r-oldrel-macos-x86_64, r-oldrel-windows-x86_64
Version: 0.9.12-4.7
Check: package dependencies
Result: NOTE
Package suggested but not available for checking: 'doMC'
Flavors: r-devel-windows-x86_64, r-release-windows-x86_64, r-oldrel-windows-x86_64