CRAN Package Check Results for Package BayesDA

Last updated on 2025-05-06 20:50:35 CEST.

Flavor Version Tinstall Tcheck Ttotal Status Flags
r-devel-linux-x86_64-debian-clang 2012.04-1 1.41 21.37 22.78 NOTE
r-devel-linux-x86_64-debian-gcc 2012.04-1 1.17 17.03 18.20 NOTE
r-devel-linux-x86_64-fedora-clang 2012.04-1 34.88 NOTE
r-devel-linux-x86_64-fedora-gcc 2012.04-1 36.74 NOTE
r-devel-windows-x86_64 2012.04-1 3.00 47.00 50.00 NOTE
r-patched-linux-x86_64 2012.04-1 1.70 20.31 22.01 NOTE
r-release-linux-x86_64 2012.04-1 1.29 20.57 21.86 NOTE
r-release-macos-arm64 2012.04-1 18.00 NOTE
r-release-macos-x86_64 2012.04-1 40.00 NOTE
r-release-windows-x86_64 2012.04-1 3.00 47.00 50.00 NOTE
r-oldrel-macos-arm64 2012.04-1 20.00 NOTE
r-oldrel-macos-x86_64 2012.04-1 28.00 NOTE
r-oldrel-windows-x86_64 2012.04-1 3.00 52.00 55.00 NOTE

Check Details

Version: 2012.04-1
Check: CRAN incoming feasibility
Result: NOTE Maintainer: ‘Kjetil Halvorsen <kjetil1001@gmail.com>’ No Authors@R field in DESCRIPTION. Please add one, modifying Authors@R: c(person(given = c("Compiled", "by", "Kjetil"), family = "Halvorsen", role = "aut"), person(given = "Kjetil", family = "Halvorsen", role = "cre", email = "kjetil1001@gmail.com")) as necessary. Flavors: r-devel-linux-x86_64-debian-clang, r-devel-linux-x86_64-debian-gcc

Version: 2012.04-1
Check: Rd files
Result: NOTE checkRd: (-1) dilution.Rd:13: Escaped LaTeX specials: \$ checkRd: (-1) dilution.Rd:15: Escaped LaTeX specials: \$ checkRd: (-1) dilution.Rd:16: Escaped LaTeX specials: \$ checkRd: (-1) dilution.Rd:17: Escaped LaTeX specials: \$ checkRd: (-1) personality.Rd:15: Escaped LaTeX specials: \$ checkRd: (-1) personality.Rd:16: Escaped LaTeX specials: \$ checkRd: (-1) personality.Rd:17: Escaped LaTeX specials: \$ Flavors: r-devel-linux-x86_64-debian-clang, r-devel-linux-x86_64-debian-gcc, r-devel-linux-x86_64-fedora-clang, r-devel-linux-x86_64-fedora-gcc, r-devel-windows-x86_64, r-patched-linux-x86_64, r-release-linux-x86_64, r-release-macos-arm64, r-release-macos-x86_64, r-release-windows-x86_64, r-oldrel-macos-arm64, r-oldrel-macos-x86_64, r-oldrel-windows-x86_64