Last updated on 2024-04-24 20:53:59 CEST.
Flavor | Version | Tinstall | Tcheck | Ttotal | Status | Flags |
---|---|---|---|---|---|---|
r-devel-linux-x86_64-debian-clang | 0.1.1 | 7.29 | 64.42 | 71.71 | NOTE | |
r-devel-linux-x86_64-debian-gcc | 0.1.1 | 5.75 | 48.67 | 54.42 | NOTE | |
r-devel-linux-x86_64-fedora-clang | 0.1.1 | 92.74 | NOTE | |||
r-devel-linux-x86_64-fedora-gcc | 0.1.1 | 85.17 | NOTE | |||
r-devel-windows-x86_64 | 0.1.1 | 7.00 | 63.00 | 70.00 | NOTE | |
r-patched-linux-x86_64 | 0.1.1 | 7.06 | 62.27 | 69.33 | NOTE | |
r-release-linux-x86_64 | 0.1.1 | 8.13 | 61.41 | 69.54 | NOTE | |
r-release-macos-arm64 | 0.1.1 | 31.00 | NOTE | |||
r-release-windows-x86_64 | 0.1.1 | 7.00 | 63.00 | 70.00 | NOTE | |
r-oldrel-macos-arm64 | 0.1.1 | 29.00 | NOTE | |||
r-oldrel-macos-x86_64 | 0.1.1 | 44.00 | NOTE | |||
r-oldrel-windows-x86_64 | 0.1.1 | 10.00 | 72.00 | 82.00 | NOTE |
Version: 0.1.1
Check: LazyData
Result: NOTE
'LazyData' is specified without a 'data' directory
Flavors: r-devel-linux-x86_64-debian-clang, r-devel-linux-x86_64-debian-gcc, r-devel-linux-x86_64-fedora-clang, r-devel-linux-x86_64-fedora-gcc, r-devel-windows-x86_64, r-patched-linux-x86_64, r-release-linux-x86_64, r-release-macos-arm64, r-release-windows-x86_64, r-oldrel-macos-arm64, r-oldrel-macos-x86_64, r-oldrel-windows-x86_64