Last updated on 2023-10-04 20:42:21 CEST.
Flavor | Version | Tinstall | Tcheck | Ttotal | Status | Flags |
---|---|---|---|---|---|---|
r-devel-linux-x86_64-debian-clang | 0.9.0 | 10.28 | 284.58 | 294.86 | OK | |
r-devel-linux-x86_64-debian-gcc | 0.9.0 | 7.98 | 210.70 | 218.68 | OK | |
r-devel-linux-x86_64-fedora-clang | 0.9.0 | 383.19 | OK | |||
r-devel-linux-x86_64-fedora-gcc | 0.9.0 | 381.79 | OK | |||
r-devel-windows-x86_64 | 0.9.0 | 10.00 | 228.00 | 238.00 | OK | |
r-patched-linux-x86_64 | 0.9.0 | 13.67 | 270.75 | 284.42 | OK | |
r-release-linux-x86_64 | 0.9.0 | 8.90 | 277.22 | 286.12 | OK | |
r-release-macos-arm64 | 0.9.0 | 62.00 | NOTE | |||
r-release-macos-x86_64 | 0.9.0 | 103.00 | NOTE | |||
r-release-windows-x86_64 | 0.9.0 | 14.00 | 292.00 | 306.00 | OK | |
r-oldrel-macos-arm64 | 0.9.0 | 108.00 | OK | |||
r-oldrel-macos-x86_64 | 0.9.0 | 128.00 | OK | |||
r-oldrel-windows-x86_64 | 0.9.0 | 15.00 | 282.00 | 297.00 | OK |
Version: 0.9.0
Check: package dependencies
Result: NOTE
Package suggested but not available for checking: ‘reactome.db’
Flavors: r-release-macos-arm64, r-release-macos-x86_64