CRAN Package Check Results for Package BaseSet

Last updated on 2022-09-24 21:50:57 CEST.

Flavor Version Tinstall Tcheck Ttotal Status Flags
r-devel-linux-x86_64-debian-clang 0.0.17 11.06 332.77 343.83 OK
r-devel-linux-x86_64-debian-gcc 0.0.17 9.17 237.51 246.68 OK
r-devel-linux-x86_64-fedora-clang 0.0.17 419.41 OK
r-devel-linux-x86_64-fedora-gcc 0.0.17 440.41 OK
r-devel-windows-x86_64 0.0.17 70.00 358.00 428.00 OK
r-patched-linux-x86_64 0.0.17 11.99 312.86 324.85 OK
r-release-linux-x86_64 0.0.17 11.66 303.13 314.79 OK
r-release-macos-arm64 0.0.17 38.00 NOTE
r-release-macos-x86_64 0.0.17 138.00 OK
r-release-windows-x86_64 0.0.17 72.00 350.00 422.00 OK
r-oldrel-macos-arm64 0.0.17 49.00 NOTE
r-oldrel-macos-x86_64 0.0.17 59.00 NOTE
r-oldrel-windows-ix86+x86_64 0.0.17 23.00 375.00 398.00 OK

Check Details

Version: 0.0.17
Check: package dependencies
Result: NOTE
    Packages suggested but not available for checking:
     'Biobase', 'GO.db', 'GSEABase', 'org.Hs.eg.db', 'reactome.db'
Flavor: r-release-macos-arm64

Version: 0.0.17
Check: package dependencies
Result: NOTE
    Packages suggested but not available for checking:
     'GO.db', 'GSEABase', 'org.Hs.eg.db', 'reactome.db'
Flavor: r-oldrel-macos-arm64

Version: 0.0.17
Check: package dependencies
Result: NOTE
    Packages suggested but not available for checking:
     'GO.db', 'org.Hs.eg.db', 'reactome.db'
Flavor: r-oldrel-macos-x86_64