CRAN Package Check Results for Package BarBorGradient

Last updated on 2022-10-02 22:51:32 CEST.

Flavor Version Tinstall Tcheck Ttotal Status Flags
r-devel-linux-x86_64-debian-clang 1.0.5 2.34 22.98 25.32 NOTE
r-devel-linux-x86_64-debian-gcc 1.0.5 1.76 18.24 20.00 NOTE
r-devel-linux-x86_64-fedora-clang 1.0.5 45.15 NOTE
r-devel-linux-x86_64-fedora-gcc 1.0.5 43.75 NOTE
r-devel-windows-x86_64 1.0.5 38.00 49.00 87.00 NOTE
r-patched-linux-x86_64 1.0.5 1.77 22.67 24.44 NOTE
r-release-linux-x86_64 1.0.5 2.37 22.79 25.16 NOTE
r-release-macos-arm64 1.0.5 15.00 NOTE
r-release-macos-x86_64 1.0.5 22.00 NOTE
r-release-windows-x86_64 1.0.5 5.00 46.00 51.00 NOTE
r-oldrel-macos-arm64 1.0.5 20.00 NOTE
r-oldrel-macos-x86_64 1.0.5 25.00 NOTE
r-oldrel-windows-ix86+x86_64 1.0.5 5.00 39.00 44.00 NOTE

Check Details

Version: 1.0.5
Check: LazyData
Result: NOTE
     'LazyData' is specified without a 'data' directory
Flavors: r-devel-linux-x86_64-debian-clang, r-devel-linux-x86_64-debian-gcc, r-devel-linux-x86_64-fedora-clang, r-devel-linux-x86_64-fedora-gcc, r-devel-windows-x86_64, r-patched-linux-x86_64, r-release-linux-x86_64, r-release-macos-arm64, r-release-macos-x86_64, r-release-windows-x86_64, r-oldrel-macos-arm64, r-oldrel-macos-x86_64, r-oldrel-windows-ix86+x86_64