Last updated on 2024-04-18 21:56:45 CEST.
Flavor | Version | Tinstall | Tcheck | Ttotal | Status | Flags |
---|---|---|---|---|---|---|
r-devel-linux-x86_64-debian-clang | 1.0.5 | 1.92 | 23.54 | 25.46 | NOTE | |
r-devel-linux-x86_64-debian-gcc | 1.0.5 | 1.62 | 17.90 | 19.52 | NOTE | |
r-devel-linux-x86_64-fedora-clang | 1.0.5 | 32.16 | NOTE | |||
r-devel-linux-x86_64-fedora-gcc | 1.0.5 | 30.60 | NOTE | |||
r-prerel-macos-arm64 | 1.0.5 | 14.00 | NOTE | |||
r-prerel-windows-x86_64 | 1.0.5 | 3.00 | 38.00 | 41.00 | NOTE | |
r-patched-linux-x86_64 | 1.0.5 | 2.55 | 22.48 | 25.03 | NOTE | |
r-release-linux-x86_64 | 1.0.5 | 1.77 | 22.44 | 24.21 | NOTE | |
r-release-macos-arm64 | 1.0.5 | 16.00 | NOTE | |||
r-release-macos-x86_64 | 1.0.5 | 20.00 | NOTE | |||
r-release-windows-x86_64 | 1.0.5 | 4.00 | 38.00 | 42.00 | NOTE | |
r-oldrel-macos-arm64 | 1.0.5 | 17.00 | NOTE | |||
r-oldrel-windows-x86_64 | 1.0.5 | 5.00 | 46.00 | 51.00 | NOTE |
Version: 1.0.5
Check: LazyData
Result: NOTE
'LazyData' is specified without a 'data' directory
Flavors: r-devel-linux-x86_64-debian-clang, r-devel-linux-x86_64-debian-gcc, r-devel-linux-x86_64-fedora-clang, r-devel-linux-x86_64-fedora-gcc, r-prerel-macos-arm64, r-prerel-windows-x86_64, r-patched-linux-x86_64, r-release-linux-x86_64, r-release-macos-arm64, r-release-macos-x86_64, r-release-windows-x86_64, r-oldrel-macos-arm64, r-oldrel-windows-x86_64