CRAN Package Check Results for Package BVSNLP

Last updated on 2023-02-03 20:51:16 CET.

Flavor Version Tinstall Tcheck Ttotal Status Flags
r-devel-linux-x86_64-debian-clang 1.1.9 66.92 43.56 110.48 NOTE
r-devel-linux-x86_64-debian-gcc 1.1.9 65.64 34.49 100.13 NOTE
r-devel-linux-x86_64-fedora-clang 1.1.9 159.09 NOTE
r-devel-linux-x86_64-fedora-gcc 1.1.9 163.41 NOTE
r-patched-linux-x86_64 1.1.9 72.91 43.76 116.67 NOTE
r-release-linux-x86_64 1.1.9 68.00 43.68 111.68 NOTE
r-release-macos-arm64 1.1.9 47.00 NOTE
r-release-macos-x86_64 1.1.9 56.00 NOTE
r-release-windows-x86_64 1.1.9 60.00 102.00 162.00 NOTE
r-oldrel-macos-arm64 1.1.9 53.00 NOTE
r-oldrel-macos-x86_64 1.1.9 84.00 NOTE
r-oldrel-windows-ix86+x86_64 1.1.9 170.00 113.00 283.00 NOTE

Check Details

Version: 1.1.9
Check: C++ specification
Result: NOTE
     Specified C++11: please update to current default of C++17
Flavors: r-devel-linux-x86_64-debian-clang, r-devel-linux-x86_64-debian-gcc, r-devel-linux-x86_64-fedora-clang, r-devel-linux-x86_64-fedora-gcc

Version: 1.1.9
Check: LazyData
Result: NOTE
     'LazyData' is specified without a 'data' directory
Flavors: r-devel-linux-x86_64-debian-clang, r-devel-linux-x86_64-debian-gcc, r-devel-linux-x86_64-fedora-clang, r-devel-linux-x86_64-fedora-gcc, r-patched-linux-x86_64, r-release-linux-x86_64, r-release-macos-arm64, r-release-macos-x86_64, r-release-windows-x86_64, r-oldrel-macos-arm64, r-oldrel-macos-x86_64, r-oldrel-windows-ix86+x86_64

Version: 1.1.9
Check: package dependencies
Result: NOTE
    Package suggested but not available for checking: ‘doMPI’
Flavors: r-release-macos-arm64, r-release-macos-x86_64, r-oldrel-macos-arm64, r-oldrel-macos-x86_64

Version: 1.1.9
Check: installed package size
Result: NOTE
     installed size is 19.3Mb
     sub-directories of 1Mb or more:
     libs 19.1Mb
Flavors: r-release-macos-arm64, r-release-macos-x86_64, r-oldrel-macos-arm64, r-oldrel-macos-x86_64