Last updated on 2024-04-19 20:56:33 CEST.
Flavor | Version | Tinstall | Tcheck | Ttotal | Status | Flags |
---|---|---|---|---|---|---|
r-devel-linux-x86_64-debian-clang | 1.1.9 | 91.27 | 44.71 | 135.98 | NOTE | |
r-devel-linux-x86_64-debian-gcc | 1.1.9 | NOTE | ||||
r-devel-linux-x86_64-fedora-clang | 1.1.9 | 166.40 | NOTE | |||
r-devel-linux-x86_64-fedora-gcc | 1.1.9 | 192.40 | NOTE | |||
r-prerel-macos-arm64 | 1.1.9 | 47.00 | NOTE | |||
r-prerel-windows-x86_64 | 1.1.9 | 60.00 | 107.00 | 167.00 | NOTE | |
r-patched-linux-x86_64 | 1.1.9 | 97.86 | 47.43 | 145.29 | NOTE | |
r-release-linux-x86_64 | 1.1.9 | 86.17 | 47.20 | 133.37 | NOTE | |
r-release-macos-arm64 | 1.1.9 | 56.00 | NOTE | |||
r-release-macos-x86_64 | 1.1.9 | 78.00 | NOTE | |||
r-release-windows-x86_64 | 1.1.9 | 79.00 | 88.00 | 167.00 | NOTE | |
r-oldrel-macos-arm64 | 1.1.9 | 47.00 | NOTE | |||
r-oldrel-windows-x86_64 | 1.1.9 | 78.00 | 86.00 | 164.00 | NOTE |
Version: 1.1.9
Check: C++ specification
Result: NOTE
Specified C++11: please drop specification unless essential
Flavors: r-devel-linux-x86_64-debian-clang, r-devel-linux-x86_64-debian-gcc, r-devel-linux-x86_64-fedora-clang, r-devel-linux-x86_64-fedora-gcc, r-prerel-macos-arm64, r-prerel-windows-x86_64, r-patched-linux-x86_64, r-release-linux-x86_64, r-release-macos-arm64, r-release-macos-x86_64, r-release-windows-x86_64
Version: 1.1.9
Check: LazyData
Result: NOTE
'LazyData' is specified without a 'data' directory
Flavors: r-devel-linux-x86_64-debian-clang, r-devel-linux-x86_64-debian-gcc, r-devel-linux-x86_64-fedora-clang, r-devel-linux-x86_64-fedora-gcc, r-prerel-macos-arm64, r-prerel-windows-x86_64, r-patched-linux-x86_64, r-release-linux-x86_64, r-release-macos-arm64, r-release-macos-x86_64, r-release-windows-x86_64, r-oldrel-macos-arm64, r-oldrel-windows-x86_64
Version: 1.1.9
Check: package dependencies
Result: NOTE
Package suggested but not available for checking: ‘doMPI’
Flavors: r-prerel-macos-arm64, r-release-macos-arm64, r-release-macos-x86_64, r-oldrel-macos-arm64
Version: 1.1.9
Check: installed package size
Result: NOTE
installed size is 20.2Mb
sub-directories of 1Mb or more:
libs 20.0Mb
Flavors: r-prerel-macos-arm64, r-release-macos-arm64, r-release-macos-x86_64, r-oldrel-macos-arm64