CRAN Package Check Results for Package BTLLasso

Last updated on 2022-09-27 21:53:45 CEST.

Flavor Version Tinstall Tcheck Ttotal Status Flags
r-devel-linux-x86_64-debian-clang 0.1-11 45.73 98.03 143.76 NOTE
r-devel-linux-x86_64-debian-gcc 0.1-11 37.78 74.65 112.43 NOTE
r-devel-linux-x86_64-fedora-clang 0.1-11 210.87 NOTE
r-devel-linux-x86_64-fedora-gcc 0.1-11 201.86 NOTE
r-devel-windows-x86_64 0.1-11 59.00 141.00 200.00 OK
r-patched-linux-x86_64 0.1-11 42.20 91.64 133.84 NOTE
r-release-linux-x86_64 0.1-11 39.66 93.24 132.90 NOTE
r-release-macos-arm64 0.1-11 48.00 OK
r-release-macos-x86_64 0.1-11 65.00 OK
r-release-windows-x86_64 0.1-11 55.00 137.00 192.00 OK
r-oldrel-macos-arm64 0.1-11 55.00 OK
r-oldrel-macos-x86_64 0.1-11 98.00 OK
r-oldrel-windows-ix86+x86_64 0.1-11 112.00 153.00 265.00 OK

Check Details

Version: 0.1-11
Check: package dependencies
Result: NOTE
    Package suggested but not available for checking: 'gvcm.cat'
Flavors: r-devel-linux-x86_64-debian-clang, r-devel-linux-x86_64-debian-gcc, r-devel-linux-x86_64-fedora-clang, r-devel-linux-x86_64-fedora-gcc, r-patched-linux-x86_64, r-release-linux-x86_64

Version: 0.1-11
Check: Rd cross-references
Result: NOTE
    Unknown package 'gvcm.cat' in Rd xrefs
Flavors: r-devel-linux-x86_64-debian-clang, r-devel-linux-x86_64-debian-gcc, r-devel-linux-x86_64-fedora-clang, r-devel-linux-x86_64-fedora-gcc, r-patched-linux-x86_64, r-release-linux-x86_64