Last updated on 2025-05-06 20:50:36 CEST.
Flavor | Version | Tinstall | Tcheck | Ttotal | Status | Flags |
---|---|---|---|---|---|---|
r-devel-linux-x86_64-debian-clang | 1.0.5 | 34.75 | 143.33 | 178.08 | NOTE | |
r-devel-linux-x86_64-debian-gcc | 1.0.5 | 25.09 | 98.68 | 123.77 | NOTE | |
r-devel-linux-x86_64-fedora-clang | 1.0.5 | 274.49 | NOTE | |||
r-devel-linux-x86_64-fedora-gcc | 1.0.5 | 310.58 | NOTE | |||
r-devel-windows-x86_64 | 1.0.5 | 39.00 | 147.00 | 186.00 | NOTE | |
r-patched-linux-x86_64 | 1.0.5 | 32.29 | 129.48 | 161.77 | NOTE | |
r-release-linux-x86_64 | 1.0.5 | 36.78 | 130.80 | 167.58 | NOTE | |
r-release-macos-arm64 | 1.0.5 | 101.00 | NOTE | |||
r-release-macos-x86_64 | 1.0.5 | 162.00 | NOTE | |||
r-release-windows-x86_64 | 1.0.5 | 42.00 | 147.00 | 189.00 | NOTE | |
r-oldrel-macos-arm64 | 1.0.5 | 87.00 | NOTE | |||
r-oldrel-macos-x86_64 | 1.0.5 | 137.00 | NOTE | |||
r-oldrel-windows-x86_64 | 1.0.5 | 49.00 | 190.00 | 239.00 | NOTE |
Version: 1.0.5
Check: C++ specification
Result: NOTE
Specified C++11: please drop specification unless essential
Flavors: r-devel-linux-x86_64-debian-clang, r-devel-linux-x86_64-debian-gcc, r-devel-linux-x86_64-fedora-clang, r-devel-linux-x86_64-fedora-gcc, r-devel-windows-x86_64, r-patched-linux-x86_64, r-release-linux-x86_64, r-release-macos-arm64, r-release-macos-x86_64, r-release-windows-x86_64, r-oldrel-macos-arm64, r-oldrel-macos-x86_64, r-oldrel-windows-x86_64
Version: 1.0.5
Check: for GNU extensions in Makefiles
Result: NOTE
GNU make is a SystemRequirements.
Flavors: r-oldrel-macos-arm64, r-oldrel-macos-x86_64, r-oldrel-windows-x86_64