Last updated on 2025-05-06 20:50:35 CEST.
Flavor | Version | Tinstall | Tcheck | Ttotal | Status | Flags |
---|---|---|---|---|---|---|
r-devel-linux-x86_64-debian-clang | 0.2.0 | 2.70 | 32.33 | 35.03 | NOTE | |
r-devel-linux-x86_64-debian-gcc | 0.2.0 | 1.77 | 25.35 | 27.12 | NOTE | |
r-devel-linux-x86_64-fedora-clang | 0.2.0 | 56.24 | NOTE | |||
r-devel-linux-x86_64-fedora-gcc | 0.2.0 | 72.11 | NOTE | |||
r-devel-windows-x86_64 | 0.2.0 | 5.00 | 51.00 | 56.00 | NOTE | |
r-patched-linux-x86_64 | 0.2.0 | 2.77 | 30.97 | 33.74 | NOTE | |
r-release-linux-x86_64 | 0.2.0 | 2.75 | 31.05 | 33.80 | NOTE | |
r-release-macos-arm64 | 0.2.0 | 48.00 | NOTE | |||
r-release-macos-x86_64 | 0.2.0 | 73.00 | NOTE | |||
r-release-windows-x86_64 | 0.2.0 | 6.00 | 53.00 | 59.00 | NOTE | |
r-oldrel-macos-arm64 | 0.2.0 | 39.00 | NOTE | |||
r-oldrel-macos-x86_64 | 0.2.0 | 50.00 | NOTE | |||
r-oldrel-windows-x86_64 | 0.2.0 | 6.00 | 61.00 | 67.00 | NOTE |
Version: 0.2.0
Check: package subdirectories
Result: NOTE
Problems with news in ‘NEWS.md’:
No news entries found.
Flavors: r-devel-linux-x86_64-debian-clang, r-devel-linux-x86_64-debian-gcc, r-devel-linux-x86_64-fedora-clang, r-devel-linux-x86_64-fedora-gcc, r-devel-windows-x86_64, r-patched-linux-x86_64, r-release-linux-x86_64, r-release-macos-arm64, r-release-macos-x86_64, r-release-windows-x86_64, r-oldrel-macos-arm64, r-oldrel-macos-x86_64, r-oldrel-windows-x86_64
Version: 0.2.0
Check: LazyData
Result: NOTE
'LazyData' is specified without a 'data' directory
Flavors: r-oldrel-macos-arm64, r-oldrel-macos-x86_64, r-oldrel-windows-x86_64