Last updated on 2025-11-03 21:50:15 CET.
| Flavor | Version | Tinstall | Tcheck | Ttotal | Status | Flags | 
|---|---|---|---|---|---|---|
| r-devel-linux-x86_64-debian-clang | 1.0 | 2.99 | 23.81 | 26.80 | NOTE | |
| r-devel-linux-x86_64-debian-gcc | 1.0 | 2.13 | 19.01 | 21.14 | NOTE | |
| r-devel-linux-x86_64-fedora-clang | 1.0 | 39.19 | OK | |||
| r-devel-linux-x86_64-fedora-gcc | 1.0 | 37.21 | OK | |||
| r-devel-windows-x86_64 | 1.0 | 5.00 | 48.00 | 53.00 | OK | |
| r-patched-linux-x86_64 | 1.0 | 3.17 | 22.43 | 25.60 | OK | |
| r-release-linux-x86_64 | 1.0 | 3.14 | 22.24 | 25.38 | OK | |
| r-release-macos-arm64 | 1.0 | 2.00 | 15.00 | 17.00 | OK | |
| r-release-macos-x86_64 | 1.0 | 3.00 | 25.00 | 28.00 | OK | |
| r-release-windows-x86_64 | 1.0 | 4.00 | 45.00 | 49.00 | OK | |
| r-oldrel-macos-arm64 | 1.0 | 1.00 | 20.00 | 21.00 | OK | |
| r-oldrel-macos-x86_64 | 1.0 | 2.00 | 22.00 | 24.00 | OK | |
| r-oldrel-windows-x86_64 | 1.0 | 5.00 | 51.00 | 56.00 | OK | 
Version: 1.0
Check: CRAN incoming feasibility
Result: NOTE
  Maintainer: ‘Christoph Ritschel <christoph.ritschel@met.fu-berlin.de>’
  
  No Authors@R field in DESCRIPTION.
  Please add one, modifying
    Authors@R: person(given = "Christoph",
                      family = "Ritschel",
                      role = c("aut", "cre"),
                      email = "christoph.ritschel@met.fu-berlin.de")
  as necessary.
Flavors: r-devel-linux-x86_64-debian-clang, r-devel-linux-x86_64-debian-gcc