Last updated on 2023-01-30 20:55:40 CET.
Flavor | Version | Tinstall | Tcheck | Ttotal | Status | Flags |
---|---|---|---|---|---|---|
r-devel-linux-x86_64-debian-clang | 0.2.0 | 705.56 | 238.46 | 944.02 | NOTE | |
r-devel-linux-x86_64-debian-gcc | 0.2.0 | 683.29 | 228.60 | 911.89 | NOTE | |
r-devel-linux-x86_64-fedora-clang | 0.2.0 | 1205.43 | NOTE | |||
r-devel-linux-x86_64-fedora-gcc | 0.2.0 | 1525.57 | NOTE | |||
r-devel-windows-x86_64 | 0.2.0 | 962.00 | 407.00 | 1369.00 | NOTE | |
r-patched-linux-x86_64 | 0.2.0 | 524.79 | 307.41 | 832.20 | NOTE | |
r-release-linux-x86_64 | 0.2.0 | 583.92 | 304.38 | 888.30 | NOTE | |
r-release-macos-arm64 | 0.2.0 | 316.00 | NOTE | |||
r-release-macos-x86_64 | 0.2.0 | 584.00 | NOTE | |||
r-release-windows-x86_64 | 0.2.0 | 487.00 | 412.00 | 899.00 | NOTE | |
r-oldrel-macos-arm64 | 0.2.0 | 329.00 | NOTE | |||
r-oldrel-macos-x86_64 | 0.2.0 | 410.00 | NOTE | |||
r-oldrel-windows-ix86+x86_64 | 0.2.0 | 1680.00 | 821.00 | 2501.00 | NOTE |
Version: 0.2.0
Check: for GNU extensions in Makefiles
Result: NOTE
GNU make is a SystemRequirements.
Flavors: r-devel-linux-x86_64-debian-clang, r-devel-linux-x86_64-debian-gcc, r-devel-linux-x86_64-fedora-clang, r-devel-linux-x86_64-fedora-gcc, r-devel-windows-x86_64, r-patched-linux-x86_64, r-release-linux-x86_64, r-release-macos-arm64, r-release-macos-x86_64, r-release-windows-x86_64, r-oldrel-macos-arm64, r-oldrel-macos-x86_64, r-oldrel-windows-ix86+x86_64
Version: 0.2.0
Check: C++ specification
Result: NOTE
Specified C++14: please update to current default of C++17
Flavors: r-devel-linux-x86_64-debian-gcc, r-devel-linux-x86_64-fedora-clang, r-devel-linux-x86_64-fedora-gcc, r-devel-windows-x86_64
Version: 0.2.0
Check: installed package size
Result: NOTE
installed size is 7.9Mb
sub-directories of 1Mb or more:
libs 7.3Mb
Flavors: r-devel-linux-x86_64-fedora-clang, r-devel-windows-x86_64, r-release-macos-arm64, r-release-macos-x86_64, r-release-windows-x86_64, r-oldrel-macos-arm64, r-oldrel-macos-x86_64, r-oldrel-windows-ix86+x86_64