CRAN Package Check Results for Package BINtools

Last updated on 2024-02-29 20:05:21 CET.

Flavor Version Tinstall Tcheck Ttotal Status Flags
r-devel-linux-x86_64-debian-clang 0.2.0 793.88 279.37 1073.25 NOTE
r-devel-linux-x86_64-debian-gcc 0.2.0 710.70 337.26 1047.96 NOTE
r-devel-linux-x86_64-fedora-clang 0.2.0 1335.81 NOTE
r-devel-linux-x86_64-fedora-gcc 0.2.0 1857.90 NOTE
r-devel-windows-x86_64 0.2.0 602.00 326.00 928.00 NOTE
r-patched-linux-x86_64 0.2.0 597.62 421.32 1018.94 NOTE
r-release-linux-x86_64 0.2.0 634.31 427.03 1061.34 NOTE
r-release-macos-arm64 0.2.0 401.00 NOTE
r-release-macos-x86_64 0.2.0 625.00 NOTE
r-release-windows-x86_64 0.2.0 757.00 404.00 1161.00 NOTE
r-oldrel-macos-arm64 0.2.0 316.00 NOTE
r-oldrel-windows-x86_64 0.2.0 719.00 376.00 1095.00 NOTE

Check Details

Version: 0.2.0
Check: for GNU extensions in Makefiles
Result: NOTE GNU make is a SystemRequirements. Flavors: r-devel-linux-x86_64-debian-clang, r-devel-linux-x86_64-debian-gcc, r-devel-linux-x86_64-fedora-clang, r-devel-linux-x86_64-fedora-gcc, r-devel-windows-x86_64, r-patched-linux-x86_64, r-release-linux-x86_64, r-release-macos-arm64, r-release-macos-x86_64, r-release-windows-x86_64, r-oldrel-macos-arm64, r-oldrel-windows-x86_64

Version: 0.2.0
Check: installed package size
Result: NOTE installed size is 7.6Mb sub-directories of 1Mb or more: libs 7.1Mb Flavors: r-devel-linux-x86_64-fedora-clang, r-devel-windows-x86_64, r-release-macos-arm64, r-release-macos-x86_64, r-release-windows-x86_64, r-oldrel-macos-arm64, r-oldrel-windows-x86_64