Last updated on 2025-11-02 23:49:31 CET.
| Flavor | Version | Tinstall | Tcheck | Ttotal | Status | Flags |
|---|---|---|---|---|---|---|
| r-devel-linux-x86_64-debian-clang | 2.5.9 | 93.89 | 361.68 | 455.57 | OK | |
| r-devel-linux-x86_64-debian-gcc | 2.5.9 | 63.09 | 224.07 | 287.16 | OK | |
| r-devel-linux-x86_64-fedora-clang | 2.5.9 | 159.00 | 558.44 | 717.44 | OK | |
| r-devel-linux-x86_64-fedora-gcc | 2.5.9 | 151.00 | 571.73 | 722.73 | OK | |
| r-devel-windows-x86_64 | 2.5.9 | 96.00 | 320.00 | 416.00 | OK | |
| r-patched-linux-x86_64 | 2.5.9 | 87.67 | 338.21 | 425.88 | OK | |
| r-release-linux-x86_64 | 2.5.9 | 87.42 | 333.31 | 420.73 | OK | |
| r-release-macos-arm64 | 2.5.9 | 32.00 | 135.00 | 167.00 | OK | |
| r-release-macos-x86_64 | 2.5.9 | 43.00 | 339.00 | 382.00 | OK | |
| r-release-windows-x86_64 | 2.5.9 | 91.00 | 317.00 | 408.00 | OK | |
| r-oldrel-macos-arm64 | 2.5.9 | 30.00 | 140.00 | 170.00 | NOTE | |
| r-oldrel-macos-x86_64 | 2.5.9 | 39.00 | 348.00 | 387.00 | NOTE | |
| r-oldrel-windows-x86_64 | 2.5.9 | 121.00 | 439.00 | 560.00 | NOTE |
Version: 2.5.9
Check: installed package size
Result: NOTE
installed size is 10.9Mb
sub-directories of 1Mb or more:
doc 2.8Mb
libs 6.5Mb
Flavors: r-oldrel-macos-arm64, r-oldrel-macos-x86_64, r-oldrel-windows-x86_64
Version: 2.5.9
Check: for GNU extensions in Makefiles
Result: NOTE
GNU make is a SystemRequirements.
Flavors: r-oldrel-macos-arm64, r-oldrel-macos-x86_64, r-oldrel-windows-x86_64