Last updated on 2024-03-28 19:48:26 CET.
Flavor | Version | Tinstall | Tcheck | Ttotal | Status | Flags |
---|---|---|---|---|---|---|
r-devel-linux-x86_64-debian-clang | 0.5.2 | 2.14 | 88.62 | 90.76 | OK | |
r-devel-linux-x86_64-debian-gcc | 0.5.2 | 2.57 | 62.59 | 65.16 | OK | |
r-devel-linux-x86_64-fedora-clang | 0.5.2 | 110.84 | NOTE | |||
r-devel-linux-x86_64-fedora-gcc | 0.5.2 | 124.59 | NOTE | |||
r-devel-windows-x86_64 | 0.5.2 | 4.00 | 72.00 | 76.00 | OK | |
r-patched-linux-x86_64 | 0.5.2 | 3.20 | 85.91 | 89.11 | OK | |
r-release-linux-x86_64 | 0.5.2 | 2.00 | 88.24 | 90.24 | OK | |
r-release-macos-arm64 | 0.5.2 | 42.00 | OK | |||
r-release-macos-x86_64 | 0.5.2 | 59.00 | OK | |||
r-release-windows-x86_64 | 0.5.2 | 4.00 | 90.00 | 94.00 | OK | |
r-oldrel-macos-arm64 | 0.5.2 | 31.00 | OK | |||
r-oldrel-windows-x86_64 | 0.5.2 | 4.00 | 93.00 | 97.00 | OK |
Version: 0.5.2
Check: dependencies in R code
Result: NOTE
Namespace in Imports field not imported from: ‘compiler’
All declared Imports should be used.
Flavors: r-devel-linux-x86_64-fedora-clang, r-devel-linux-x86_64-fedora-gcc