Last updated on 2024-04-18 21:56:45 CEST.
Flavor | Version | Tinstall | Tcheck | Ttotal | Status | Flags |
---|---|---|---|---|---|---|
r-devel-linux-x86_64-debian-clang | 0.1.3 | 48.12 | 90.01 | 138.13 | NOTE | |
r-devel-linux-x86_64-debian-gcc | 0.1.3 | 36.28 | 66.37 | 102.65 | NOTE | |
r-devel-linux-x86_64-fedora-clang | 0.1.3 | 184.00 | NOTE | |||
r-devel-linux-x86_64-fedora-gcc | 0.1.3 | 307.21 | NOTE | |||
r-prerel-macos-arm64 | 0.1.3 | 82.00 | NOTE | |||
r-prerel-windows-x86_64 | 0.1.3 | 39.00 | 127.00 | 166.00 | NOTE | |
r-patched-linux-x86_64 | 0.1.3 | 34.09 | 87.05 | 121.14 | NOTE | |
r-release-linux-x86_64 | 0.1.3 | 36.05 | 85.33 | 121.38 | NOTE | |
r-release-macos-arm64 | 0.1.3 | 84.00 | NOTE | |||
r-release-macos-x86_64 | 0.1.3 | 138.00 | NOTE | |||
r-release-windows-x86_64 | 0.1.3 | 48.00 | 120.00 | 168.00 | NOTE | |
r-oldrel-macos-arm64 | 0.1.3 | 71.00 | OK | |||
r-oldrel-windows-x86_64 | 0.1.3 | 46.00 | 119.00 | 165.00 | OK |
Version: 0.1.3
Check: C++ specification
Result: NOTE
Specified C++11: please drop specification unless essential
Flavors: r-devel-linux-x86_64-debian-clang, r-devel-linux-x86_64-debian-gcc, r-devel-linux-x86_64-fedora-clang, r-devel-linux-x86_64-fedora-gcc, r-prerel-macos-arm64, r-prerel-windows-x86_64, r-patched-linux-x86_64, r-release-linux-x86_64, r-release-macos-arm64, r-release-macos-x86_64, r-release-windows-x86_64