Last updated on 2025-05-06 20:50:35 CEST.
Flavor | Version | Tinstall | Tcheck | Ttotal | Status | Flags |
---|---|---|---|---|---|---|
r-devel-linux-x86_64-debian-clang | 1.3.2 | 30.08 | 72.03 | 102.11 | NOTE | |
r-devel-linux-x86_64-debian-gcc | 1.3.2 | 21.34 | 54.40 | 75.74 | NOTE | |
r-devel-linux-x86_64-fedora-clang | 1.3.2 | 165.97 | OK | |||
r-devel-linux-x86_64-fedora-gcc | 1.3.2 | 165.39 | OK | |||
r-devel-windows-x86_64 | 1.3.2 | 33.00 | 97.00 | 130.00 | OK | |
r-patched-linux-x86_64 | 1.3.2 | 27.76 | 69.90 | 97.66 | OK | |
r-release-linux-x86_64 | 1.3.2 | 27.84 | 68.90 | 96.74 | OK | |
r-release-macos-arm64 | 1.3.2 | 50.00 | OK | |||
r-release-macos-x86_64 | 1.3.2 | 93.00 | OK | |||
r-release-windows-x86_64 | 1.3.2 | 34.00 | 104.00 | 138.00 | OK | |
r-oldrel-macos-arm64 | 1.3.2 | 50.00 | OK | |||
r-oldrel-macos-x86_64 | 1.3.2 | 81.00 | OK | |||
r-oldrel-windows-x86_64 | 1.3.2 | 40.00 | 124.00 | 164.00 | OK |
Version: 1.3.2
Check: CRAN incoming feasibility
Result: NOTE
Maintainer: ‘Denis Talbot <denis.talbot@fmed.ulaval.ca>’
No Authors@R field in DESCRIPTION.
Please add one, modifying
Authors@R: c(person(given = "Denis",
family = "Talbot",
role = c("aut", "cre"),
email = "denis.talbot@fmed.ulaval.ca"),
person(given = "Genevieve",
family = "Lefebvre",
role = "aut"),
person(given = "Juli",
family = "Atherton",
role = "aut"),
person(given = "Yohann",
family = "Chiu.",
role = "aut"))
as necessary.
Flavors: r-devel-linux-x86_64-debian-clang, r-devel-linux-x86_64-debian-gcc