Last updated on 2024-03-28 19:48:25 CET.
Flavor | Version | Tinstall | Tcheck | Ttotal | Status | Flags |
---|---|---|---|---|---|---|
r-devel-linux-x86_64-debian-clang | 1.0.2 | 115.77 | 245.26 | 361.03 | OK | |
r-devel-linux-x86_64-debian-gcc | 1.0.2 | 80.87 | 176.11 | 256.98 | OK | |
r-devel-linux-x86_64-fedora-clang | 1.0.2 | 460.42 | NOTE | |||
r-devel-linux-x86_64-fedora-gcc | 1.0.2 | 482.51 | OK | |||
r-devel-windows-x86_64 | 1.0.2 | 83.00 | 206.00 | 289.00 | NOTE | |
r-patched-linux-x86_64 | 1.0.2 | 78.46 | 226.94 | 305.40 | OK | |
r-release-linux-x86_64 | 1.0.2 | 95.40 | 232.20 | 327.60 | OK | |
r-release-macos-arm64 | 1.0.2 | 9.00 | ERROR | |||
r-release-macos-x86_64 | 1.0.2 | 7.00 | ERROR | |||
r-release-windows-x86_64 | 1.0.2 | 102.00 | 255.00 | 357.00 | NOTE | |
r-oldrel-macos-arm64 | 1.0.2 | 11.00 | ERROR | |||
r-oldrel-windows-x86_64 | 1.0.2 | 98.00 | 252.00 | 350.00 | NOTE |
Version: 1.0.2
Check: installed package size
Result: NOTE
installed size is 5.2Mb
sub-directories of 1Mb or more:
doc 1.2Mb
extdata 3.3Mb
Flavors: r-devel-linux-x86_64-fedora-clang, r-devel-windows-x86_64, r-release-windows-x86_64, r-oldrel-windows-x86_64
Version: 1.0.2
Check: package dependencies
Result: ERROR
Package required but not available: ‘mixAK’
See section ‘The DESCRIPTION file’ in the ‘Writing R Extensions’
manual.
Flavors: r-release-macos-arm64, r-release-macos-x86_64, r-oldrel-macos-arm64