Last updated on 2025-11-23 20:48:41 CET.
| Flavor | Version | Tinstall | Tcheck | Ttotal | Status | Flags |
|---|---|---|---|---|---|---|
| r-devel-linux-x86_64-debian-clang | 0.1.2 | 49.42 | 32.51 | 81.93 | OK | |
| r-devel-linux-x86_64-debian-gcc | 0.1.2 | 32.39 | 25.41 | 57.80 | OK | |
| r-devel-linux-x86_64-fedora-clang | 0.1.2 | 94.00 | 32.89 | 126.89 | OK | |
| r-devel-windows-x86_64 | 0.1.2 | 49.00 | 73.00 | 122.00 | OK | |
| r-patched-linux-x86_64 | 0.1.2 | 46.01 | 30.11 | 76.12 | OK | |
| r-release-linux-x86_64 | 0.1.2 | 47.34 | 29.81 | 77.15 | OK | |
| r-release-macos-arm64 | 0.1.2 | OK | ||||
| r-release-macos-x86_64 | 0.1.2 | 41.00 | 28.00 | 69.00 | OK | |
| r-release-windows-x86_64 | 0.1.2 | 47.00 | 78.00 | 125.00 | OK | |
| r-oldrel-macos-arm64 | 0.1.2 | NOTE | ||||
| r-oldrel-macos-x86_64 | 0.1.2 | 43.00 | 62.00 | 105.00 | NOTE | |
| r-oldrel-windows-x86_64 | 0.1.2 | 58.00 | 81.00 | 139.00 | OK |
Version: 0.1.2
Check: installed package size
Result: NOTE
installed size is 6.5Mb
sub-directories of 1Mb or more:
libs 6.1Mb
Flavors: r-oldrel-macos-arm64, r-oldrel-macos-x86_64