Last updated on 2025-05-08 20:49:30 CEST.
Flavor | Version | Tinstall | Tcheck | Ttotal | Status | Flags |
---|---|---|---|---|---|---|
r-devel-linux-x86_64-debian-clang | 0.2.0 | 4.90 | 94.34 | 99.24 | NOTE | |
r-devel-linux-x86_64-debian-gcc | 0.2.0 | 3.29 | 62.65 | 65.94 | NOTE | |
r-devel-linux-x86_64-fedora-clang | 0.2.0 | 168.47 | OK | |||
r-devel-linux-x86_64-fedora-gcc | 0.2.0 | 167.83 | OK | |||
r-devel-windows-x86_64 | 0.2.0 | 5.00 | 111.00 | 116.00 | OK | |
r-patched-linux-x86_64 | 0.2.0 | 4.63 | 93.74 | 98.37 | OK | |
r-release-linux-x86_64 | 0.2.0 | 3.19 | 92.77 | 95.96 | OK | |
r-release-macos-arm64 | 0.2.0 | 53.00 | OK | |||
r-release-macos-x86_64 | 0.2.0 | 131.00 | OK | |||
r-release-windows-x86_64 | 0.2.0 | 6.00 | 110.00 | 116.00 | OK | |
r-oldrel-macos-arm64 | 0.2.0 | 61.00 | NOTE | |||
r-oldrel-macos-x86_64 | 0.2.0 | 86.00 | NOTE | |||
r-oldrel-windows-x86_64 | 0.2.0 | 6.00 | 142.00 | 148.00 | NOTE |
Version: 0.2.0
Check: CRAN incoming feasibility
Result: NOTE
Maintainer: ‘Kyungtaek Park <qkrrudxor147@snu.ac.kr>’
No Authors@R field in DESCRIPTION.
Please add one, modifying
Authors@R: person(given = "Kyungtaek",
family = "Park",
role = c("aut", "cre"),
email = "qkrrudxor147@snu.ac.kr")
as necessary.
Flavors: r-devel-linux-x86_64-debian-clang, r-devel-linux-x86_64-debian-gcc
Version: 0.2.0
Check: LazyData
Result: NOTE
'LazyData' is specified without a 'data' directory
Flavors: r-oldrel-macos-arm64, r-oldrel-macos-x86_64, r-oldrel-windows-x86_64