CRAN Package Check Results for Package AvInertia

Last updated on 2022-09-28 21:51:32 CEST.

Flavor Version Tinstall Tcheck Ttotal Status Flags
r-devel-linux-x86_64-debian-clang 0.0.2 4.66 140.66 145.32 OK
r-devel-linux-x86_64-debian-gcc 0.0.2 3.76 100.56 104.32 OK
r-devel-linux-x86_64-fedora-clang 0.0.2 198.57 NOTE
r-devel-linux-x86_64-fedora-gcc 0.0.2 176.57 NOTE
r-devel-windows-x86_64 0.0.2 34.00 178.00 212.00 OK
r-patched-linux-x86_64 0.0.2 5.82 136.36 142.18 OK
r-release-linux-x86_64 0.0.2 4.25 130.16 134.41 OK
r-release-macos-arm64 0.0.2 52.00 NOTE
r-release-macos-x86_64 0.0.2 84.00 NOTE
r-release-windows-x86_64 0.0.2 33.00 185.00 218.00 OK
r-oldrel-macos-arm64 0.0.2 34.00 NOTE
r-oldrel-macos-x86_64 0.0.2 62.00 NOTE
r-oldrel-windows-ix86+x86_64 0.0.2 12.00 190.00 202.00 OK

Check Details

Version: 0.0.2
Check: dependencies in R code
Result: NOTE
    Namespaces in Imports field not imported from:
     ‘readxl’ ‘reshape2’ ‘stringr’ ‘tidyr’
     All declared Imports should be used.
Flavors: r-devel-linux-x86_64-fedora-clang, r-devel-linux-x86_64-fedora-gcc, r-release-macos-arm64, r-release-macos-x86_64, r-oldrel-macos-arm64, r-oldrel-macos-x86_64