Last updated on 2025-10-13 20:49:38 CEST.
Flavor | Version | Tinstall | Tcheck | Ttotal | Status | Flags |
---|---|---|---|---|---|---|
r-devel-linux-x86_64-debian-clang | 1.1.1 | 2.00 | 19.49 | 21.49 | OK | |
r-devel-linux-x86_64-debian-gcc | 1.1.1 | 1.95 | 15.96 | 17.91 | OK | |
r-devel-linux-x86_64-fedora-clang | 1.1.1 | 34.79 | NOTE | |||
r-devel-linux-x86_64-fedora-gcc | 1.1.1 | 33.39 | NOTE | |||
r-devel-windows-x86_64 | 1.1.1 | 6.00 | 38.00 | 44.00 | OK | |
r-patched-linux-x86_64 | 1.1.1 | 2.35 | 18.60 | 20.95 | OK | |
r-release-linux-x86_64 | 1.1.1 | 2.50 | 18.55 | 21.05 | OK | |
r-release-macos-arm64 | 1.1.1 | 15.00 | OK | |||
r-release-macos-x86_64 | 1.1.1 | 24.00 | OK | |||
r-release-windows-x86_64 | 1.1.1 | 6.00 | 39.00 | 45.00 | OK | |
r-oldrel-macos-arm64 | 1.1.1 | 19.00 | OK | |||
r-oldrel-macos-x86_64 | 1.1.1 | 29.00 | OK | |||
r-oldrel-windows-x86_64 | 1.1.1 | 8.00 | 50.00 | 58.00 | OK |
Version: 1.1.1
Check: dependencies in R code
Result: NOTE
Namespaces in Imports field not imported from:
‘DHARMa’ ‘DT’ ‘MASS’ ‘MVN’ ‘bestNormalize’ ‘brglm2’ ‘broom’
‘broom.mixed’ ‘bslib’ ‘car’ ‘coin’ ‘compositions’ ‘correlation’
‘effectsize’ ‘fontawesome’ ‘ggpubr’ ‘glmmTMB’ ‘htmltools’
‘kableExtra’ ‘knitr’ ‘lmerTest’ ‘modelbased’ ‘nnet’ ‘patchwork’
‘performance’ ‘rstatix’ ‘see’ ‘shinyBS’ ‘shinyjs’ ‘shinyscreenshot’
‘sjPlot’ ‘tidyverse’
All declared Imports should be used.
Flavors: r-devel-linux-x86_64-fedora-clang, r-devel-linux-x86_64-fedora-gcc