Last updated on 2025-11-03 21:50:14 CET.
| Flavor | Version | Tinstall | Tcheck | Ttotal | Status | Flags | 
|---|---|---|---|---|---|---|
| r-devel-linux-x86_64-debian-clang | 2.1-1 | 1.73 | 24.49 | 26.22 | NOTE | |
| r-devel-linux-x86_64-debian-gcc | 2.1-1 | 1.36 | 19.67 | 21.03 | NOTE | |
| r-devel-linux-x86_64-fedora-clang | 2.1-1 | 37.50 | OK | |||
| r-devel-linux-x86_64-fedora-gcc | 2.1-1 | 36.56 | OK | |||
| r-devel-windows-x86_64 | 2.1-1 | 4.00 | 46.00 | 50.00 | OK | |
| r-patched-linux-x86_64 | 2.1-1 | 1.56 | 22.98 | 24.54 | OK | |
| r-release-linux-x86_64 | 2.1-1 | 1.69 | 23.21 | 24.90 | OK | |
| r-release-macos-arm64 | 2.1-1 | 1.00 | 15.00 | 16.00 | OK | |
| r-release-macos-x86_64 | 2.1-1 | 2.00 | 27.00 | 29.00 | OK | |
| r-release-windows-x86_64 | 2.1-1 | 3.00 | 45.00 | 48.00 | OK | |
| r-oldrel-macos-arm64 | 2.1-1 | 1.00 | 21.00 | 22.00 | OK | |
| r-oldrel-macos-x86_64 | 2.1-1 | 2.00 | 25.00 | 27.00 | OK | |
| r-oldrel-windows-x86_64 | 2.1-1 | 3.00 | 46.00 | 49.00 | OK | 
Version: 2.1-1
Check: CRAN incoming feasibility
Result: NOTE
  Maintainer: ‘Susana Barbosa <sabarbosa@fc.ul.pt>’
  
  No Authors@R field in DESCRIPTION.
  Please add one, modifying
    Authors@R: person(given = "Susana",
                      family = "Barbosa",
                      role = c("aut", "cre"),
                      email = "sabarbosa@fc.ul.pt")
  as necessary.
Flavors: r-devel-linux-x86_64-debian-clang, r-devel-linux-x86_64-debian-gcc