Last updated on 2025-05-03 21:51:10 CEST.
Flavor | Version | Tinstall | Tcheck | Ttotal | Status | Flags |
---|---|---|---|---|---|---|
r-devel-linux-x86_64-debian-clang | 1.1-7 | 4.37 | 42.51 | 46.88 | NOTE | |
r-devel-linux-x86_64-debian-gcc | 1.1-7 | 3.02 | 32.35 | 35.37 | NOTE | |
r-devel-linux-x86_64-fedora-clang | 1.1-7 | 69.40 | OK | |||
r-devel-linux-x86_64-fedora-gcc | 1.1-7 | 67.10 | OK | |||
r-devel-windows-x86_64 | 1.1-7 | 6.00 | 66.00 | 72.00 | OK | |
r-patched-linux-x86_64 | 1.1-7 | 4.46 | 40.32 | 44.78 | OK | |
r-release-linux-x86_64 | OK | |||||
r-release-macos-arm64 | 1.1-7 | 32.00 | OK | |||
r-release-macos-x86_64 | 1.1-7 | 46.00 | OK | |||
r-release-windows-x86_64 | 1.1-7 | 6.00 | 66.00 | 72.00 | OK | |
r-oldrel-macos-arm64 | 1.1-7 | 25.00 | OK | |||
r-oldrel-macos-x86_64 | 1.1-7 | 37.00 | OK | |||
r-oldrel-windows-x86_64 | 1.1-7 | 8.00 | 76.00 | 84.00 | OK |
Version: 1.1-7
Check: CRAN incoming feasibility
Result: NOTE
Maintainer: ‘Max Kuhn <mxkuhn@gmail.com>’
No Authors@R field in DESCRIPTION.
Please add one, modifying
Authors@R: c(person(given = "Max",
family = "Kuhn",
role = c("aut", "cre"),
email = "mxkuhn@gmail.com"),
person(given = "Kjell",
family = "Johnson",
role = "aut"))
as necessary.
Flavors: r-devel-linux-x86_64-debian-clang, r-devel-linux-x86_64-debian-gcc