Last updated on 2024-04-17 20:57:27 CEST.
Flavor | Version | Tinstall | Tcheck | Ttotal | Status | Flags |
---|---|---|---|---|---|---|
r-devel-linux-x86_64-debian-clang | 1.0-0 | 14.31 | 124.60 | 138.91 | NOTE | |
r-devel-linux-x86_64-debian-gcc | 1.0-0 | 10.48 | 89.78 | 100.26 | NOTE | |
r-devel-linux-x86_64-fedora-clang | 1.0-0 | 172.44 | NOTE | |||
r-devel-linux-x86_64-fedora-gcc | 1.0-0 | 177.38 | NOTE | |||
r-prerel-macos-arm64 | 1.0-0 | 46.00 | NOTE | |||
r-prerel-windows-x86_64 | 1.0-0 | 12.00 | 113.00 | 125.00 | NOTE | |
r-patched-linux-x86_64 | 1.0-0 | 12.83 | 114.23 | 127.06 | NOTE | |
r-release-linux-x86_64 | 1.0-0 | 13.78 | 119.77 | 133.55 | NOTE | |
r-release-macos-arm64 | 1.0-0 | 42.00 | NOTE | |||
r-release-macos-x86_64 | 1.0-0 | 65.00 | NOTE | |||
r-release-windows-x86_64 | 1.0-0 | 17.00 | 136.00 | 153.00 | NOTE | |
r-oldrel-macos-arm64 | 1.0-0 | 39.00 | OK | |||
r-oldrel-windows-x86_64 | 1.0-0 | 17.00 | 137.00 | 154.00 | OK |
Version: 1.0-0
Check: Rd files
Result: NOTE
checkRd: (-1) PV_post_triang_3.Rd:7: Escaped LaTeX specials: \_ \_
checkRd: (-1) PV_post_triang_3.Rd:22: Escaped LaTeX specials: \_ \_
checkRd: (-1) PV_pre_triang_3.Rd:7: Escaped LaTeX specials: \_ \_
checkRd: (-1) PV_pre_triang_3.Rd:22: Escaped LaTeX specials: \_ \_
Flavors: r-devel-linux-x86_64-debian-clang, r-devel-linux-x86_64-debian-gcc, r-devel-linux-x86_64-fedora-clang, r-devel-linux-x86_64-fedora-gcc, r-prerel-macos-arm64, r-prerel-windows-x86_64, r-patched-linux-x86_64, r-release-linux-x86_64, r-release-macos-arm64, r-release-macos-x86_64, r-release-windows-x86_64