Last updated on 2025-11-23 20:48:40 CET.
| Flavor | Version | Tinstall | Tcheck | Ttotal | Status | Flags |
|---|---|---|---|---|---|---|
| r-devel-linux-x86_64-debian-clang | 1.1.1 | 5.89 | 92.37 | 98.26 | NOTE | |
| r-devel-linux-x86_64-debian-gcc | 1.1.1 | 4.19 | 63.10 | 67.29 | NOTE | |
| r-devel-linux-x86_64-fedora-clang | 1.1.1 | 11.00 | 140.52 | 151.52 | NOTE | |
| r-devel-windows-x86_64 | 1.1.1 | 11.00 | 105.00 | 116.00 | NOTE | |
| r-patched-linux-x86_64 | 1.1.1 | 6.14 | 86.02 | 92.16 | NOTE | |
| r-release-linux-x86_64 | 1.1.1 | 5.21 | 85.60 | 90.81 | NOTE | |
| r-release-macos-arm64 | 1.1.1 | NOTE | ||||
| r-release-macos-x86_64 | 1.1.1 | 5.00 | 65.00 | 70.00 | NOTE | |
| r-release-windows-x86_64 | 1.1.1 | 7.00 | 104.00 | 111.00 | NOTE | |
| r-oldrel-macos-arm64 | 1.1.1 | NOTE | ||||
| r-oldrel-macos-x86_64 | 1.1.1 | 4.00 | 53.00 | 57.00 | NOTE | |
| r-oldrel-windows-x86_64 | 1.1.1 | 9.00 | 132.00 | 141.00 | NOTE |
Version: 1.1.1
Check: Rd files
Result: NOTE
checkRd: (-1) AmpliconDuo-package.Rd:37-39: Lost braces in \itemize; meant \describe ?
checkRd: (-1) AmpliconDuo-package.Rd:40-42: Lost braces in \itemize; meant \describe ?
checkRd: (-1) AmpliconDuo-package.Rd:43-46: Lost braces in \itemize; meant \describe ?
checkRd: (-1) AmpliconDuo-package.Rd:47-49: Lost braces in \itemize; meant \describe ?
checkRd: (-1) AmpliconDuo-package.Rd:50-52: Lost braces in \itemize; meant \describe ?
checkRd: (-1) AmpliconDuo-package.Rd:53-55: Lost braces in \itemize; meant \describe ?
checkRd: (-1) AmpliconDuo-package.Rd:56-58: Lost braces in \itemize; meant \describe ?
Flavors: r-devel-linux-x86_64-debian-clang, r-devel-linux-x86_64-debian-gcc, r-devel-linux-x86_64-fedora-clang, r-devel-windows-x86_64, r-patched-linux-x86_64, r-release-linux-x86_64, r-release-macos-arm64, r-release-macos-x86_64, r-release-windows-x86_64, r-oldrel-macos-arm64, r-oldrel-macos-x86_64, r-oldrel-windows-x86_64