Last updated on 2024-04-25 20:48:14 CEST.
Flavor | Version | Tinstall | Tcheck | Ttotal | Status | Flags |
---|---|---|---|---|---|---|
r-devel-linux-x86_64-debian-clang | 0.4.0 | 7.59 | 89.22 | 96.81 | OK | |
r-devel-linux-x86_64-debian-gcc | 0.4.0 | 7.51 | 66.69 | 74.20 | OK | |
r-devel-linux-x86_64-fedora-clang | 0.4.0 | 128.94 | NOTE | |||
r-devel-linux-x86_64-fedora-gcc | 0.4.0 | 142.43 | NOTE | |||
r-devel-windows-x86_64 | 0.4.0 | 10.00 | 107.00 | 117.00 | OK | |
r-patched-linux-x86_64 | 0.4.0 | 6.67 | 87.74 | 94.41 | OK | |
r-release-linux-x86_64 | 0.4.0 | 9.95 | 85.50 | 95.45 | OK | |
r-release-macos-arm64 | 0.4.0 | 48.00 | OK | |||
r-release-macos-x86_64 | 0.4.0 | 131.00 | OK | |||
r-release-windows-x86_64 | 0.4.0 | 11.00 | 106.00 | 117.00 | OK | |
r-oldrel-macos-arm64 | 0.4.0 | 48.00 | OK | |||
r-oldrel-macos-x86_64 | 0.4.0 | 117.00 | OK | |||
r-oldrel-windows-x86_64 | 0.4.0 | 13.00 | 120.00 | 133.00 | OK |
Version: 0.4.0
Check: data for non-ASCII characters
Result: NOTE
Note: found 1 marked UTF-8 string
Flavors: r-devel-linux-x86_64-fedora-clang, r-devel-linux-x86_64-fedora-gcc