CRAN Package Check Results for Package AcuityView

Last updated on 2022-09-27 21:53:43 CEST.

Flavor Version Tinstall Tcheck Ttotal Status Flags
r-devel-linux-x86_64-debian-clang 0.1 3.49 41.41 44.90 NOTE
r-devel-linux-x86_64-debian-gcc 0.1 3.46 32.24 35.70 NOTE
r-devel-linux-x86_64-fedora-clang 0.1 73.69 NOTE
r-devel-linux-x86_64-fedora-gcc 0.1 63.66 NOTE
r-devel-windows-x86_64 0.1 9.00 76.00 85.00 NOTE
r-patched-linux-x86_64 0.1 4.19 40.34 44.53 NOTE
r-release-linux-x86_64 0.1 3.28 40.17 43.45 NOTE
r-release-macos-arm64 0.1 22.00 NOTE
r-release-macos-x86_64 0.1 30.00 NOTE
r-release-windows-x86_64 0.1 11.00 73.00 84.00 NOTE
r-oldrel-macos-arm64 0.1 25.00 NOTE
r-oldrel-macos-x86_64 0.1 36.00 NOTE
r-oldrel-windows-ix86+x86_64 0.1 11.00 66.00 77.00 NOTE

Check Details

Version: 0.1
Check: LazyData
Result: NOTE
     'LazyData' is specified without a 'data' directory
Flavors: r-devel-linux-x86_64-debian-clang, r-devel-linux-x86_64-debian-gcc, r-devel-linux-x86_64-fedora-clang, r-devel-linux-x86_64-fedora-gcc, r-devel-windows-x86_64, r-patched-linux-x86_64, r-release-linux-x86_64, r-release-macos-arm64, r-release-macos-x86_64, r-release-windows-x86_64, r-oldrel-macos-arm64, r-oldrel-macos-x86_64, r-oldrel-windows-ix86+x86_64

Version: 0.1
Check: for non-standard things in the check directory
Result: NOTE
    Found the following files/directories:
     'Example.jpeg'
Flavors: r-devel-linux-x86_64-debian-clang, r-devel-linux-x86_64-debian-gcc, r-devel-linux-x86_64-fedora-clang, r-devel-linux-x86_64-fedora-gcc, r-patched-linux-x86_64, r-release-linux-x86_64