Last updated on 2024-04-18 21:56:44 CEST.
Flavor | Version | Tinstall | Tcheck | Ttotal | Status | Flags |
---|---|---|---|---|---|---|
r-devel-linux-x86_64-debian-clang | 0.3.0 | 10.12 | 85.05 | 95.17 | NOTE | |
r-devel-linux-x86_64-debian-gcc | 0.3.0 | 6.77 | 62.81 | 69.58 | NOTE | |
r-devel-linux-x86_64-fedora-clang | 0.3.0 | 117.72 | NOTE | |||
r-devel-linux-x86_64-fedora-gcc | 0.3.0 | 121.90 | NOTE | |||
r-prerel-macos-arm64 | 0.3.0 | 35.00 | NOTE | |||
r-prerel-windows-x86_64 | 0.3.0 | 8.00 | 81.00 | 89.00 | NOTE | |
r-patched-linux-x86_64 | 0.3.0 | 5.30 | 79.03 | 84.33 | NOTE | |
r-release-linux-x86_64 | 0.3.0 | 5.95 | 80.32 | 86.27 | NOTE | |
r-release-macos-arm64 | 0.3.0 | 37.00 | NOTE | |||
r-release-macos-x86_64 | 0.3.0 | 55.00 | NOTE | |||
r-release-windows-x86_64 | 0.3.0 | 11.00 | 96.00 | 107.00 | NOTE | |
r-oldrel-macos-arm64 | 0.3.0 | 52.00 | OK | |||
r-oldrel-windows-x86_64 | 0.3.0 | 12.00 | 99.00 | 111.00 | OK |
Version: 0.3.0
Check: package subdirectories
Result: NOTE
Problems with news in ‘NEWS.md’:
No news entries found.
Flavors: r-devel-linux-x86_64-debian-clang, r-devel-linux-x86_64-debian-gcc, r-devel-linux-x86_64-fedora-clang, r-devel-linux-x86_64-fedora-gcc, r-prerel-macos-arm64, r-prerel-windows-x86_64, r-patched-linux-x86_64, r-release-linux-x86_64, r-release-macos-arm64, r-release-macos-x86_64, r-release-windows-x86_64