Last updated on 2024-03-27 19:56:45 CET.
Flavor | Version | Tinstall | Tcheck | Ttotal | Status | Flags |
---|---|---|---|---|---|---|
r-devel-linux-x86_64-debian-clang | 0.0.60 | 61.53 | 193.05 | 254.58 | WARN | |
r-devel-linux-x86_64-debian-gcc | 0.0.60 | 50.95 | 142.36 | 193.31 | OK | |
r-devel-linux-x86_64-fedora-clang | 0.0.60 | 328.66 | OK | |||
r-devel-linux-x86_64-fedora-gcc | 0.0.60 | 326.52 | OK | |||
r-devel-windows-x86_64 | 0.0.60 | 50.00 | 176.00 | 226.00 | OK | |
r-patched-linux-x86_64 | 0.0.60 | 51.76 | 155.52 | 207.28 | OK | |
r-release-linux-x86_64 | 0.0.60 | 43.46 | 190.62 | 234.08 | OK | |
r-release-macos-arm64 | 0.0.60 | 78.00 | OK | |||
r-release-macos-x86_64 | 0.0.60 | 208.00 | OK | |||
r-release-windows-x86_64 | 0.0.60 | 63.00 | 215.00 | 278.00 | OK | |
r-oldrel-macos-arm64 | 0.0.60 | 78.00 | OK | |||
r-oldrel-windows-x86_64 | 0.0.60 | 63.00 | 202.00 | 265.00 | OK |
Version: 0.0.60
Check: dependencies in R code
Result: NOTE
Fortran STOP
IEEE arithmetic exceptions signaled: INEXACT
Flavor: r-devel-linux-x86_64-debian-clang
Version: 0.0.60
Check: S3 generic/method consistency
Result: WARN
Fortran STOP
IEEE arithmetic exceptions signaled: INEXACT
See section ‘Generic functions and methods’ in the ‘Writing R
Extensions’ manual.
Flavor: r-devel-linux-x86_64-debian-clang
Version: 0.0.60
Check: replacement functions
Result: WARN
Fortran STOP
IEEE arithmetic exceptions signaled: INEXACT
The argument of a replacement function which corresponds to the right
hand side must be named ‘value’.
Flavor: r-devel-linux-x86_64-debian-clang
Version: 0.0.60
Check: foreign function calls
Result: NOTE
Fortran STOP
IEEE arithmetic exceptions signaled: INEXACT
See chapter ‘System and foreign language interfaces’ in the ‘Writing R
Extensions’ manual.
Flavor: r-devel-linux-x86_64-debian-clang
Version: 0.0.60
Check: R code for possible problems
Result: NOTE
Fortran STOP
IEEE arithmetic exceptions signaled: INEXACT
Fortran STOP
IEEE arithmetic exceptions signaled: INEXACT
Fortran STOP
IEEE arithmetic exceptions signaled: INEXACT
Flavor: r-devel-linux-x86_64-debian-clang
Version: 0.0.60
Check: Rd files
Result: WARN
Fortran STOP
IEEE arithmetic exceptions signaled: INEXACT
Flavor: r-devel-linux-x86_64-debian-clang
Version: 0.0.60
Check: for missing documentation entries
Result: WARN
Fortran STOP
IEEE arithmetic exceptions signaled: INEXACT
All user-level objects in a package should have documentation entries.
See chapter ‘Writing R documentation files’ in the ‘Writing R
Extensions’ manual.
Flavor: r-devel-linux-x86_64-debian-clang
Version: 0.0.60
Check: for code/documentation mismatches
Result: WARN
Fortran STOP
IEEE arithmetic exceptions signaled: INEXACT
Fortran STOP
IEEE arithmetic exceptions signaled: INEXACT
Fortran STOP
IEEE arithmetic exceptions signaled: INEXACT
Flavor: r-devel-linux-x86_64-debian-clang
Version: 0.0.60
Check: Rd \usage sections
Result: NOTE
Fortran STOP
IEEE arithmetic exceptions signaled: INEXACT
The \usage entries for S3 methods should use the \method markup and not
their full name.
See chapter ‘Writing R documentation files’ in the ‘Writing R
Extensions’ manual.
Flavor: r-devel-linux-x86_64-debian-clang