Last updated on 2025-05-03 21:51:10 CEST.
Flavor | Version | Tinstall | Tcheck | Ttotal | Status | Flags |
---|---|---|---|---|---|---|
r-devel-linux-x86_64-debian-clang | 2.0 | 6.05 | 32.08 | 38.13 | NOTE | |
r-devel-linux-x86_64-debian-gcc | 2.0 | 4.20 | 24.15 | 28.35 | NOTE | |
r-devel-linux-x86_64-fedora-clang | 2.0 | 59.89 | OK | |||
r-devel-linux-x86_64-fedora-gcc | 2.0 | 56.31 | OK | |||
r-devel-windows-x86_64 | 2.0 | 8.00 | 55.00 | 63.00 | OK | |
r-patched-linux-x86_64 | 2.0 | 5.85 | 30.74 | 36.59 | OK | |
r-release-linux-x86_64 | OK | |||||
r-release-macos-arm64 | 2.0 | 22.00 | OK | |||
r-release-macos-x86_64 | 2.0 | 39.00 | OK | |||
r-release-windows-x86_64 | 2.0 | 10.00 | 55.00 | 65.00 | OK | |
r-oldrel-macos-arm64 | 2.0 | 26.00 | OK | |||
r-oldrel-macos-x86_64 | 2.0 | 34.00 | OK | |||
r-oldrel-windows-x86_64 | 2.0 | 10.00 | 56.00 | 66.00 | OK |
Version: 2.0
Check: CRAN incoming feasibility
Result: NOTE
Maintainer: ‘Miguel de Carvalho <miguel.decarvalho@ed.ac.uk>’
Package CITATION file contains call(s) to old-style personList() or
as.personList(). Please use c() on person objects instead.
Package CITATION file contains call(s) to old-style citEntry(). Please
use bibentry() instead.
Flavors: r-devel-linux-x86_64-debian-clang, r-devel-linux-x86_64-debian-gcc