Last updated on 2025-05-04 20:48:14 CEST.
Flavor | Version | Tinstall | Tcheck | Ttotal | Status | Flags |
---|---|---|---|---|---|---|
r-devel-linux-x86_64-debian-clang | 1.0 | 1.94 | 21.11 | 23.05 | NOTE | |
r-devel-linux-x86_64-debian-gcc | 1.0 | 1.60 | 17.28 | 18.88 | NOTE | |
r-devel-linux-x86_64-fedora-clang | 1.0 | 36.14 | OK | |||
r-devel-linux-x86_64-fedora-gcc | 1.0 | 34.13 | OK | |||
r-devel-windows-x86_64 | 1.0 | 5.00 | 44.00 | 49.00 | OK | |
r-patched-linux-x86_64 | 1.0 | 2.12 | 20.53 | 22.65 | OK | |
r-release-linux-x86_64 | 1.0 | 1.82 | 20.65 | 22.47 | OK | |
r-release-macos-arm64 | 1.0 | 18.00 | OK | |||
r-release-macos-x86_64 | 1.0 | 26.00 | OK | |||
r-release-windows-x86_64 | 1.0 | 4.00 | 42.00 | 46.00 | OK | |
r-oldrel-macos-arm64 | 1.0 | 17.00 | OK | |||
r-oldrel-macos-x86_64 | 1.0 | 22.00 | OK | |||
r-oldrel-windows-x86_64 | 1.0 | 5.00 | 46.00 | 51.00 | OK |
Version: 1.0
Check: CRAN incoming feasibility
Result: NOTE
Maintainer: ‘Pablo J. Villacorta <pjvi@decsai.ugr.es>’
No Authors@R field in DESCRIPTION.
Please add one, modifying
Authors@R: person(given = c("Pablo", "J."),
family = "Villacorta",
role = c("aut", "cre"),
email = "pjvi@decsai.ugr.es")
as necessary.
Flavors: r-devel-linux-x86_64-debian-clang, r-devel-linux-x86_64-debian-gcc