Last updated on 2024-04-22 20:53:30 CEST.
Flavor | Version | Tinstall | Tcheck | Ttotal | Status | Flags |
---|---|---|---|---|---|---|
r-devel-linux-x86_64-debian-clang | 1.0.4 | 10.90 | 140.50 | 151.40 | OK | |
r-devel-linux-x86_64-debian-gcc | 1.0.4 | 8.94 | 100.79 | 109.73 | OK | |
r-devel-linux-x86_64-fedora-clang | 1.0.4 | 187.80 | OK | |||
r-devel-linux-x86_64-fedora-gcc | 1.0.4 | 206.38 | OK | |||
r-prerel-macos-arm64 | 1.0.4 | 60.00 | OK | |||
r-prerel-windows-x86_64 | 1.0.4 | 11.00 | 126.00 | 137.00 | OK | |
r-patched-linux-x86_64 | 1.0.4 | 12.03 | 133.87 | 145.90 | OK | |
r-release-linux-x86_64 | 1.0.4 | 9.58 | 129.11 | 138.69 | OK | |
r-release-macos-arm64 | 1.0.4 | 60.00 | OK | |||
r-release-macos-x86_64 | 1.0.4 | 94.00 | NOTE | |||
r-release-windows-x86_64 | 1.0.4 | 15.00 | 153.00 | 168.00 | OK | |
r-oldrel-macos-arm64 | 1.0.4 | 60.00 | OK | |||
r-oldrel-windows-x86_64 | 1.0.4 | 18.00 | 161.00 | 179.00 | OK |
Version: 1.0.4
Check: installed package size
Result: NOTE
installed size is 5.8Mb
sub-directories of 1Mb or more:
data 4.7Mb
Flavor: r-release-macos-x86_64