Last updated on 2024-07-17 20:56:54 CEST.
Flavor | Version | Tinstall | Tcheck | Ttotal | Status | Flags |
---|---|---|---|---|---|---|
r-devel-linux-x86_64-debian-clang | 0.5.7 | 20.61 | 161.47 | 182.08 | OK | |
r-devel-linux-x86_64-debian-gcc | 0.5.7 | 13.79 | 116.42 | 130.21 | OK | |
r-devel-linux-x86_64-fedora-clang | 0.5.7 | 229.89 | OK | |||
r-devel-linux-x86_64-fedora-gcc | 0.5.7 | 224.07 | OK | |||
r-devel-windows-x86_64 | 0.5.7 | 15.00 | 123.00 | 138.00 | NOTE | |
r-patched-linux-x86_64 | 0.5.7 | 23.62 | 151.50 | 175.12 | OK | |
r-release-linux-x86_64 | 0.5.7 | 11.65 | 150.87 | 162.52 | OK | |
r-release-macos-arm64 | 0.5.7 | 59.00 | OK | |||
r-release-macos-x86_64 | 0.5.7 | 90.00 | OK | |||
r-release-windows-x86_64 | 0.5.7 | 15.00 | 126.00 | 141.00 | OK | |
r-oldrel-macos-arm64 | 0.5.7 | 74.00 | OK | |||
r-oldrel-macos-x86_64 | 0.5.7 | 162.00 | OK | |||
r-oldrel-windows-x86_64 | 0.5.7 | 19.00 | 154.00 | 173.00 | OK |
Version: 0.5.7
Check: Rd cross-references
Result: NOTE
Found the following Rd file(s) with Rd \link{} targets missing package
anchors:
AQEval.data.Rd: openair, importAURN, importKCL
find.breaks.Rd: breakpoints
isolate.signal.Rd: mgcv, gam
quantify.breaks.Rd: timeAverage, breakpoints, segmented
Please provide package anchors for all Rd \link{} targets not in the
package itself and the base packages.
Flavor: r-devel-windows-x86_64