CRAN Package Check Results for Package APtools

Last updated on 2022-09-28 21:51:31 CEST.

Flavor Version Tinstall Tcheck Ttotal Status Flags
r-devel-linux-x86_64-debian-clang 6.8.8 9.16 84.94 94.10 NOTE
r-devel-linux-x86_64-debian-gcc 6.8.8 7.11 63.87 70.98 NOTE
r-devel-linux-x86_64-fedora-clang 6.8.8 137.70 NOTE
r-devel-linux-x86_64-fedora-gcc 6.8.8 120.85 NOTE
r-devel-windows-x86_64 6.8.8 13.00 106.00 119.00 OK
r-patched-linux-x86_64 6.8.8 8.41 81.96 90.37 NOTE
r-release-linux-x86_64 6.8.8 8.32 80.26 88.58 NOTE
r-release-macos-arm64 6.8.8 34.00 OK
r-release-macos-x86_64 6.8.8 48.00 OK
r-release-windows-x86_64 6.8.8 12.00 109.00 121.00 OK
r-oldrel-macos-arm64 6.8.8 41.00 OK
r-oldrel-macos-x86_64 6.8.8 49.00 OK
r-oldrel-windows-ix86+x86_64 6.8.8 19.00 107.00 126.00 OK

Check Details

Version: 6.8.8
Check: for non-standard things in the check directory
Result: NOTE
    Found the following files/directories:
     'APBinary_PPV.csv' 'APBinary_TPF.csv'
     'APBinary_ap_summary(method=perturbation,B=1500).csv'
     'APBinary_auc_summary(method=perturbation,B=1500).csv'
     'APSurv_PPV.csv' 'APSurv_TPF.csv'
     'APSurv_ap_summary(method=bootstrap,B=500).csv'
     'APSurv_auc_summary(method=bootstrap,B=500).csv'
     'CompareAP_Binary_dap_summary(method=none).csv'
     'CompareAP_Survival_dap_summary(method=bootstrap,B=500).csv'
Flavors: r-devel-linux-x86_64-debian-clang, r-devel-linux-x86_64-debian-gcc, r-devel-linux-x86_64-fedora-clang, r-devel-linux-x86_64-fedora-gcc, r-patched-linux-x86_64, r-release-linux-x86_64