CRAN Package Check Results for Package APPEstimation

Last updated on 2025-11-03 21:50:14 CET.

Flavor Version Tinstall Tcheck Ttotal Status Flags
r-devel-linux-x86_64-debian-clang 0.1.1 1.88 20.69 22.57 NOTE
r-devel-linux-x86_64-debian-gcc 0.1.1 1.44 16.96 18.40 NOTE
r-devel-linux-x86_64-fedora-clang 0.1.1 35.38 OK
r-devel-linux-x86_64-fedora-gcc 0.1.1 32.17 OK
r-devel-windows-x86_64 0.1.1 4.00 41.00 45.00 OK
r-patched-linux-x86_64 0.1.1 2.16 19.46 21.62 OK
r-release-linux-x86_64 0.1.1 1.64 19.67 21.31 OK
r-release-macos-arm64 0.1.1 1.00 17.00 18.00 OK
r-release-macos-x86_64 0.1.1 2.00 23.00 25.00 OK
r-release-windows-x86_64 0.1.1 4.00 39.00 43.00 OK
r-oldrel-macos-arm64 0.1.1 1.00 14.00 15.00 OK
r-oldrel-macos-x86_64 0.1.1 2.00 20.00 22.00 OK
r-oldrel-windows-x86_64 0.1.1 3.00 45.00 48.00 OK

Check Details

Version: 0.1.1
Check: CRAN incoming feasibility
Result: NOTE Maintainer: ‘Eisuke Inoue <eisuke.inoue@marianna-u.ac.jp>’ No Authors@R field in DESCRIPTION. Please add one, modifying Authors@R: c(person(given = "Eisuke", family = "Inoue", role = c("aut", "cre"), email = "eisuke.inoue@marianna-u.ac.jp"), person(given = "Hajime", family = "Uno", role = "aut")) as necessary. Flavors: r-devel-linux-x86_64-debian-clang, r-devel-linux-x86_64-debian-gcc