CRAN Package Check Results for Package APML0

Last updated on 2022-09-28 21:51:31 CEST.

Flavor Version Tinstall Tcheck Ttotal Status Flags
r-devel-linux-x86_64-debian-clang 0.10 63.11 79.89 143.00 NOTE
r-devel-linux-x86_64-debian-gcc 0.10 50.94 61.04 111.98 NOTE
r-devel-linux-x86_64-fedora-clang 0.10 200.37 NOTE
r-devel-linux-x86_64-fedora-gcc 0.10 184.09 NOTE
r-devel-windows-x86_64 0.10 39.00 124.00 163.00 NOTE
r-patched-linux-x86_64 0.10 51.09 77.16 128.25 NOTE
r-release-linux-x86_64 0.10 48.27 76.40 124.67 NOTE
r-release-macos-arm64 0.10 49.00 NOTE
r-release-macos-x86_64 0.10 70.00 NOTE
r-release-windows-x86_64 0.10 42.00 126.00 168.00 NOTE
r-oldrel-macos-arm64 0.10 58.00 NOTE
r-oldrel-macos-x86_64 0.10 100.00 NOTE
r-oldrel-windows-ix86+x86_64 0.10 114.00 136.00 250.00 NOTE

Check Details

Version: 0.10
Check: LazyData
Result: NOTE
     'LazyData' is specified without a 'data' directory
Flavors: r-devel-linux-x86_64-debian-clang, r-devel-linux-x86_64-debian-gcc, r-devel-linux-x86_64-fedora-clang, r-devel-linux-x86_64-fedora-gcc, r-devel-windows-x86_64, r-patched-linux-x86_64, r-release-linux-x86_64, r-release-macos-arm64, r-release-macos-x86_64, r-release-windows-x86_64, r-oldrel-macos-arm64, r-oldrel-macos-x86_64, r-oldrel-windows-ix86+x86_64

Version: 0.10
Check: installed package size
Result: NOTE
     installed size is 10.0Mb
     sub-directories of 1Mb or more:
     libs 9.8Mb
Flavors: r-release-macos-arm64, r-release-macos-x86_64, r-oldrel-macos-arm64, r-oldrel-macos-x86_64