Last updated on 2024-03-28 19:48:25 CET.
Flavor | Version | Tinstall | Tcheck | Ttotal | Status | Flags |
---|---|---|---|---|---|---|
r-devel-linux-x86_64-debian-clang | 0.1.4 | 10.62 | 60.47 | 71.09 | OK | |
r-devel-linux-x86_64-debian-gcc | 0.1.4 | 6.90 | 46.71 | 53.61 | OK | |
r-devel-linux-x86_64-fedora-clang | 0.1.4 | 89.47 | OK | |||
r-devel-linux-x86_64-fedora-gcc | 0.1.4 | 99.96 | OK | |||
r-devel-windows-x86_64 | 0.1.4 | 9.00 | 70.00 | 79.00 | OK | |
r-patched-linux-x86_64 | 0.1.4 | 9.70 | 57.84 | 67.54 | OK | |
r-release-linux-x86_64 | 0.1.4 | 6.84 | 59.28 | 66.12 | OK | |
r-release-macos-arm64 | 0.1.4 | 37.00 | OK | |||
r-release-macos-x86_64 | 0.1.4 | 49.00 | NOTE | |||
r-release-windows-x86_64 | 0.1.4 | 12.00 | 74.00 | 86.00 | OK | |
r-oldrel-macos-arm64 | 0.1.4 | 88.00 | OK | |||
r-oldrel-windows-x86_64 | 0.1.4 | 13.00 | 77.00 | 90.00 | OK |
Version: 0.1.4
Check: package dependencies
Result: NOTE
Package suggested but not available for checking: ‘AICcmodavg’
Flavor: r-release-macos-x86_64