Last updated on 2024-04-25 20:48:14 CEST.
Flavor | Version | Tinstall | Tcheck | Ttotal | Status | Flags |
---|---|---|---|---|---|---|
r-devel-linux-x86_64-debian-clang | 0.1.0 | 13.03 | 107.86 | 120.89 | NOTE | |
r-devel-linux-x86_64-debian-gcc | 0.1.0 | 10.25 | 81.92 | 92.17 | NOTE | |
r-devel-linux-x86_64-fedora-clang | 0.1.0 | 161.65 | NOTE | |||
r-devel-linux-x86_64-fedora-gcc | 0.1.0 | 150.88 | NOTE | |||
r-devel-windows-x86_64 | 0.1.0 | 12.00 | 99.00 | 111.00 | NOTE | |
r-patched-linux-x86_64 | 0.1.0 | 10.13 | 105.93 | 116.06 | NOTE | |
r-release-linux-x86_64 | 0.1.0 | 9.89 | 106.59 | 116.48 | OK | |
r-release-macos-arm64 | 0.1.0 | 41.00 | NOTE | |||
r-release-windows-x86_64 | 0.1.0 | 11.00 | 99.00 | 110.00 | NOTE | |
r-oldrel-macos-arm64 | 0.1.0 | 45.00 | OK | |||
r-oldrel-macos-x86_64 | 0.1.0 | 77.00 | OK | |||
r-oldrel-windows-x86_64 | 0.1.0 | 16.00 | 126.00 | 142.00 | OK |
Version: 0.1.0
Check: Rd files
Result: NOTE
checkRd: (-1) AEHMLE.Rd:42-45: Lost braces
42 | \item{basehaz}{: {baseline hazard structure including baseline
| ^
checkRd: (-1) AHMLE.Rd:41-43: Lost braces
41 | \item{basehaz}{: {baseline hazard structure including baseline
| ^
Flavors: r-devel-linux-x86_64-debian-clang, r-devel-linux-x86_64-debian-gcc, r-devel-linux-x86_64-fedora-clang, r-devel-linux-x86_64-fedora-gcc, r-devel-windows-x86_64, r-patched-linux-x86_64, r-release-macos-arm64, r-release-windows-x86_64