Last updated on 2024-07-17 20:56:54 CEST.
Flavor | Version | Tinstall | Tcheck | Ttotal | Status | Flags |
---|---|---|---|---|---|---|
r-devel-linux-x86_64-debian-clang | 2.0 | 4.08 | 36.02 | 40.10 | NOTE | |
r-devel-linux-x86_64-debian-gcc | 2.0 | 3.81 | 27.94 | 31.75 | NOTE | |
r-devel-linux-x86_64-fedora-clang | 2.0 | 50.73 | OK | |||
r-devel-linux-x86_64-fedora-gcc | 2.0 | 46.26 | OK | |||
r-devel-windows-x86_64 | 2.0 | 6.00 | 51.00 | 57.00 | OK | |
r-patched-linux-x86_64 | 2.0 | 3.72 | 38.48 | 42.20 | NOTE | |
r-release-linux-x86_64 | 2.0 | 4.95 | 34.43 | 39.38 | NOTE | |
r-release-macos-arm64 | 2.0 | 21.00 | NOTE | |||
r-release-macos-x86_64 | 2.0 | 35.00 | NOTE | |||
r-release-windows-x86_64 | 2.0 | 6.00 | 51.00 | 57.00 | OK | |
r-oldrel-macos-arm64 | 2.0 | 22.00 | NOTE | |||
r-oldrel-macos-x86_64 | 2.0 | 34.00 | NOTE | |||
r-oldrel-windows-x86_64 | 2.0 | 7.00 | 55.00 | 62.00 | NOTE |
Version: 2.0
Check: package dependencies
Result: NOTE
Package suggested but not available for checking: ‘INLA’
Flavors: r-devel-linux-x86_64-debian-clang, r-devel-linux-x86_64-debian-gcc, r-patched-linux-x86_64, r-release-linux-x86_64, r-release-macos-arm64, r-release-macos-x86_64, r-oldrel-macos-arm64, r-oldrel-macos-x86_64, r-oldrel-windows-x86_64