Last updated on 2024-07-17 20:56:54 CEST.
Flavor | Version | Tinstall | Tcheck | Ttotal | Status | Flags |
---|---|---|---|---|---|---|
r-devel-linux-x86_64-debian-clang | 0.1.0 | 8.27 | 59.07 | 67.34 | NOTE | |
r-devel-linux-x86_64-debian-gcc | 0.1.0 | 5.93 | 45.13 | 51.06 | NOTE | |
r-devel-linux-x86_64-fedora-clang | 0.1.0 | 84.54 | NOTE | |||
r-devel-linux-x86_64-fedora-gcc | 0.1.0 | 81.26 | NOTE | |||
r-devel-windows-x86_64 | 0.1.0 | 7.00 | 62.00 | 69.00 | NOTE | |
r-patched-linux-x86_64 | 0.1.0 | 6.65 | 59.82 | 66.47 | NOTE | |
r-release-linux-x86_64 | 0.1.0 | 7.55 | 57.28 | 64.83 | NOTE | |
r-release-macos-arm64 | 0.1.0 | 28.00 | NOTE | |||
r-release-macos-x86_64 | 0.1.0 | 41.00 | NOTE | |||
r-release-windows-x86_64 | 0.1.0 | 7.00 | 63.00 | 70.00 | NOTE | |
r-oldrel-macos-arm64 | 0.1.0 | 31.00 | NOTE | |||
r-oldrel-macos-x86_64 | 0.1.0 | 43.00 | NOTE | |||
r-oldrel-windows-x86_64 | 0.1.0 | 11.00 | 71.00 | 82.00 | NOTE |
Version: 0.1.0
Check: LazyData
Result: NOTE
'LazyData' is specified without a 'data' directory
Flavors: r-devel-linux-x86_64-debian-clang, r-devel-linux-x86_64-debian-gcc, r-devel-linux-x86_64-fedora-clang, r-devel-linux-x86_64-fedora-gcc, r-devel-windows-x86_64, r-patched-linux-x86_64, r-release-linux-x86_64, r-release-macos-arm64, r-release-macos-x86_64, r-release-windows-x86_64, r-oldrel-macos-arm64, r-oldrel-macos-x86_64, r-oldrel-windows-x86_64